{"id":4,"date":"2019-08-07T09:47:02","date_gmt":"2019-08-07T07:47:02","guid":{"rendered":"https:\/\/dev.petithanb.be\/moc\/cid\/?page_id=4"},"modified":"2025-09-29T14:17:14","modified_gmt":"2025-09-29T12:17:14","slug":"accueil","status":"publish","type":"page","link":"https:\/\/mocliege.be\/cid\/","title":{"rendered":"Accueil"},"content":{"rendered":"<h1>Le CID asbl<\/h1>\n<p><img loading=\"lazy\" decoding=\"async\" class=\"alignleft wp-image-980\" src=\"https:\/\/mocliege.be\/cid\/wp-content\/uploads\/sites\/7\/2025\/04\/le-cid-asbl-logo-v3-300x300.jpg\" alt=\"\" width=\"200\" height=\"200\" srcset=\"https:\/\/mocliege.be\/cid\/wp-content\/uploads\/sites\/7\/2025\/04\/le-cid-asbl-logo-v3-300x300.jpg 300w, https:\/\/mocliege.be\/cid\/wp-content\/uploads\/sites\/7\/2025\/04\/le-cid-asbl-logo-v3-1024x1024.jpg 1024w, https:\/\/mocliege.be\/cid\/wp-content\/uploads\/sites\/7\/2025\/04\/le-cid-asbl-logo-v3-150x150.jpg 150w, https:\/\/mocliege.be\/cid\/wp-content\/uploads\/sites\/7\/2025\/04\/le-cid-asbl-logo-v3-768x768.jpg 768w, https:\/\/mocliege.be\/cid\/wp-content\/uploads\/sites\/7\/2025\/04\/le-cid-asbl-logo-v3-64x64.jpg 64w, https:\/\/mocliege.be\/cid\/wp-content\/uploads\/sites\/7\/2025\/04\/le-cid-asbl-logo-v3-250x250.jpg 250w, https:\/\/mocliege.be\/cid\/wp-content\/uploads\/sites\/7\/2025\/04\/le-cid-asbl-logo-v3-75x75.jpg 75w, https:\/\/mocliege.be\/cid\/wp-content\/uploads\/sites\/7\/2025\/04\/le-cid-asbl-logo-v3-450x450.jpg 450w, https:\/\/mocliege.be\/cid\/wp-content\/uploads\/sites\/7\/2025\/04\/le-cid-asbl-logo-v3-600x600.jpg 600w, https:\/\/mocliege.be\/cid\/wp-content\/uploads\/sites\/7\/2025\/04\/le-cid-asbl-logo-v3-1200x1200.jpg 1200w, https:\/\/mocliege.be\/cid\/wp-content\/uploads\/sites\/7\/2025\/04\/le-cid-asbl-logo-v3.jpg 1333w\" sizes=\"(max-width: 200px) 100vw, 200px\" \/><\/p>\n<p>&nbsp;<\/p>\n<p>&nbsp;<\/p>\n<p>Centre d&rsquo;insertion et de d\u00e9veloppement<\/p>\n<p><em>Une \u00e9quipe qui accompagne et encadre vers la qualification et l&#8217;emploi.<\/em><\/p>\n<p>&nbsp;<\/p>\n<p>&nbsp;<\/p>\n<h3 class=\"centered_title\"><strong>Pour les derni\u00e8res dates de formation, et tous les d\u00e9tails, rendez-vous sur notre site d\u00e9di\u00e9 : <\/strong><\/h3>\n<h3 class=\"centered_title\"><strong><a href=\"https:\/\/asbl-lecid.be\/\" target=\"_blank\" rel=\"noopener\">https:\/\/asbl-lecid.be\/<\/a>\u00a0<\/strong><\/h3>\n<p>&nbsp;<\/p>\n<p>&nbsp;<\/p>\n<p><img loading=\"lazy\" decoding=\"async\" class=\"alignnone wp-image-819 \" src=\"https:\/\/mocliege.be\/cid\/wp-content\/uploads\/sites\/7\/2023\/12\/logo-partenaires-CID-banner-300x50.png\" alt=\"\" width=\"834\" height=\"139\" srcset=\"https:\/\/mocliege.be\/cid\/wp-content\/uploads\/sites\/7\/2023\/12\/logo-partenaires-CID-banner-300x50.png 300w, https:\/\/mocliege.be\/cid\/wp-content\/uploads\/sites\/7\/2023\/12\/logo-partenaires-CID-banner-768x128.png 768w, https:\/\/mocliege.be\/cid\/wp-content\/uploads\/sites\/7\/2023\/12\/logo-partenaires-CID-banner-64x11.png 64w, https:\/\/mocliege.be\/cid\/wp-content\/uploads\/sites\/7\/2023\/12\/logo-partenaires-CID-banner-250x42.png 250w, https:\/\/mocliege.be\/cid\/wp-content\/uploads\/sites\/7\/2023\/12\/logo-partenaires-CID-banner-120x20.png 120w, https:\/\/mocliege.be\/cid\/wp-content\/uploads\/sites\/7\/2023\/12\/logo-partenaires-CID-banner-150x25.png 150w, https:\/\/mocliege.be\/cid\/wp-content\/uploads\/sites\/7\/2023\/12\/logo-partenaires-CID-banner-450x75.png 450w, https:\/\/mocliege.be\/cid\/wp-content\/uploads\/sites\/7\/2023\/12\/logo-partenaires-CID-banner-600x100.png 600w, https:\/\/mocliege.be\/cid\/wp-content\/uploads\/sites\/7\/2023\/12\/logo-partenaires-CID-banner.png 780w\" sizes=\"(max-width: 834px) 100vw, 834px\" \/><\/p>\n","protected":false},"excerpt":{"rendered":"<p>Le CID asbl &nbsp; &nbsp; Centre d&rsquo;insertion et de d\u00e9veloppement Une \u00e9quipe qui accompagne et [&hellip;]<\/p>\n","protected":false},"author":1,"featured_media":980,"parent":0,"menu_order":0,"comment_status":"closed","ping_status":"closed","template":"template-accueil.php","meta":{"_monsterinsights_skip_tracking":false,"_monsterinsights_sitenote_active":false,"_monsterinsights_sitenote_note":"","_monsterinsights_sitenote_category":0,"footnotes":""},"acf":[],"yoast_head":"<!-- This site is optimized with the Yoast SEO plugin v19.14 - https:\/\/yoast.com\/wordpress\/plugins\/seo\/ -->\n<title>Accueil - Le CID asbl<\/title>\n<meta name=\"description\" content=\"Le CID s\u2019adresse \u00e0 un Public de Travailleurs Sans Emploi peu qualifi\u00e9(e)s et propose des formations d\u2019Aide-Soignant(e), d\u2019Aide-M\u00e9nager(\u00e8re) Social(e), d\u2019Orientation Professionnelle ou encore la formation FLE\/Citoyennet\u00e9.\" \/>\n<meta name=\"robots\" content=\"index, follow, max-snippet:-1, max-image-preview:large, max-video-preview:-1\" \/>\n<link rel=\"canonical\" href=\"https:\/\/mocliege.be\/cid\/\" \/>\n<meta property=\"og:locale\" content=\"fr_FR\" \/>\n<meta property=\"og:type\" content=\"article\" \/>\n<meta property=\"og:title\" content=\"Accueil - Le CID asbl\" \/>\n<meta property=\"og:description\" content=\"Le CID s\u2019adresse \u00e0 un Public de Travailleurs Sans Emploi peu qualifi\u00e9(e)s et propose des formations d\u2019Aide-Soignant(e), d\u2019Aide-M\u00e9nager(\u00e8re) Social(e), d\u2019Orientation Professionnelle ou encore la formation FLE\/Citoyennet\u00e9.\" \/>\n<meta property=\"og:url\" content=\"https:\/\/mocliege.be\/cid\/\" \/>\n<meta property=\"og:site_name\" content=\"Le CID asbl\" \/>\n<meta property=\"article:modified_time\" content=\"2025-09-29T12:17:14+00:00\" \/>\n<meta property=\"og:image\" content=\"https:\/\/mocliege.be\/cid\/wp-content\/uploads\/sites\/7\/2025\/04\/le-cid-asbl-logo-v3.jpg\" \/>\n\t<meta property=\"og:image:width\" content=\"1333\" \/>\n\t<meta property=\"og:image:height\" content=\"1333\" \/>\n\t<meta property=\"og:image:type\" content=\"image\/jpeg\" \/>\n<meta name=\"twitter:card\" content=\"summary_large_image\" \/>\n<meta name=\"twitter:label1\" content=\"Dur\u00e9e de lecture est.\" \/>\n\t<meta name=\"twitter:data1\" content=\"1 minute\" \/>\n<script type=\"application\/ld+json\" class=\"yoast-schema-graph\">{\"@context\":\"https:\/\/schema.org\",\"@graph\":[{\"@type\":\"WebPage\",\"@id\":\"https:\/\/mocliege.be\/cid\/\",\"url\":\"https:\/\/mocliege.be\/cid\/\",\"name\":\"Accueil - Le CID asbl\",\"isPartOf\":{\"@id\":\"https:\/\/mocliege.be\/cid\/#website\"},\"datePublished\":\"2019-08-07T07:47:02+00:00\",\"dateModified\":\"2025-09-29T12:17:14+00:00\",\"description\":\"Le CID s\u2019adresse \u00e0 un Public de Travailleurs Sans Emploi peu qualifi\u00e9(e)s et propose des formations d\u2019Aide-Soignant(e), d\u2019Aide-M\u00e9nager(\u00e8re) Social(e), d\u2019Orientation Professionnelle ou encore la formation FLE\/Citoyennet\u00e9.\",\"breadcrumb\":{\"@id\":\"https:\/\/mocliege.be\/cid\/#breadcrumb\"},\"inLanguage\":\"fr-BE\",\"potentialAction\":[{\"@type\":\"ReadAction\",\"target\":[\"https:\/\/mocliege.be\/cid\/\"]}]},{\"@type\":\"BreadcrumbList\",\"@id\":\"https:\/\/mocliege.be\/cid\/#breadcrumb\",\"itemListElement\":[{\"@type\":\"ListItem\",\"position\":1,\"name\":\"Accueil\",\"item\":\"https:\/\/mocliege.be\/cid\/\"},{\"@type\":\"ListItem\",\"position\":2,\"name\":\"Accueil\"}]},{\"@type\":\"WebSite\",\"@id\":\"https:\/\/mocliege.be\/cid\/#website\",\"url\":\"https:\/\/mocliege.be\/cid\/\",\"name\":\"Le CID asbl\",\"description\":\"Un site utilisant Sites du MOC - Li\u00e8ge\",\"potentialAction\":[{\"@type\":\"SearchAction\",\"target\":{\"@type\":\"EntryPoint\",\"urlTemplate\":\"https:\/\/mocliege.be\/cid\/?s={search_term_string}\"},\"query-input\":\"required name=search_term_string\"}],\"inLanguage\":\"fr-BE\"}]}<\/script>\n<!-- \/ Yoast SEO plugin. -->","yoast_head_json":{"title":"Accueil - Le CID asbl","description":"Le CID s\u2019adresse \u00e0 un Public de Travailleurs Sans Emploi peu qualifi\u00e9(e)s et propose des formations d\u2019Aide-Soignant(e), d\u2019Aide-M\u00e9nager(\u00e8re) Social(e), d\u2019Orientation Professionnelle ou encore la formation FLE\/Citoyennet\u00e9.","robots":{"index":"index","follow":"follow","max-snippet":"max-snippet:-1","max-image-preview":"max-image-preview:large","max-video-preview":"max-video-preview:-1"},"canonical":"https:\/\/mocliege.be\/cid\/","og_locale":"fr_FR","og_type":"article","og_title":"Accueil - Le CID asbl","og_description":"Le CID s\u2019adresse \u00e0 un Public de Travailleurs Sans Emploi peu qualifi\u00e9(e)s et propose des formations d\u2019Aide-Soignant(e), d\u2019Aide-M\u00e9nager(\u00e8re) Social(e), d\u2019Orientation Professionnelle ou encore la formation FLE\/Citoyennet\u00e9.","og_url":"https:\/\/mocliege.be\/cid\/","og_site_name":"Le CID asbl","article_modified_time":"2025-09-29T12:17:14+00:00","og_image":[{"width":1333,"height":1333,"url":"https:\/\/mocliege.be\/cid\/wp-content\/uploads\/sites\/7\/2025\/04\/le-cid-asbl-logo-v3.jpg","type":"image\/jpeg"}],"twitter_card":"summary_large_image","twitter_misc":{"Dur\u00e9e de lecture est.":"1 minute"},"schema":{"@context":"https:\/\/schema.org","@graph":[{"@type":"WebPage","@id":"https:\/\/mocliege.be\/cid\/","url":"https:\/\/mocliege.be\/cid\/","name":"Accueil - Le CID asbl","isPartOf":{"@id":"https:\/\/mocliege.be\/cid\/#website"},"datePublished":"2019-08-07T07:47:02+00:00","dateModified":"2025-09-29T12:17:14+00:00","description":"Le CID s\u2019adresse \u00e0 un Public de Travailleurs Sans Emploi peu qualifi\u00e9(e)s et propose des formations d\u2019Aide-Soignant(e), d\u2019Aide-M\u00e9nager(\u00e8re) Social(e), d\u2019Orientation Professionnelle ou encore la formation FLE\/Citoyennet\u00e9.","breadcrumb":{"@id":"https:\/\/mocliege.be\/cid\/#breadcrumb"},"inLanguage":"fr-BE","potentialAction":[{"@type":"ReadAction","target":["https:\/\/mocliege.be\/cid\/"]}]},{"@type":"BreadcrumbList","@id":"https:\/\/mocliege.be\/cid\/#breadcrumb","itemListElement":[{"@type":"ListItem","position":1,"name":"Accueil","item":"https:\/\/mocliege.be\/cid\/"},{"@type":"ListItem","position":2,"name":"Accueil"}]},{"@type":"WebSite","@id":"https:\/\/mocliege.be\/cid\/#website","url":"https:\/\/mocliege.be\/cid\/","name":"Le CID asbl","description":"Un site utilisant Sites du MOC - Li\u00e8ge","potentialAction":[{"@type":"SearchAction","target":{"@type":"EntryPoint","urlTemplate":"https:\/\/mocliege.be\/cid\/?s={search_term_string}"},"query-input":"required name=search_term_string"}],"inLanguage":"fr-BE"}]}},"_links":{"self":[{"href":"https:\/\/mocliege.be\/cid\/wp-json\/wp\/v2\/pages\/4"}],"collection":[{"href":"https:\/\/mocliege.be\/cid\/wp-json\/wp\/v2\/pages"}],"about":[{"href":"https:\/\/mocliege.be\/cid\/wp-json\/wp\/v2\/types\/page"}],"author":[{"embeddable":true,"href":"https:\/\/mocliege.be\/cid\/wp-json\/wp\/v2\/users\/1"}],"replies":[{"embeddable":true,"href":"https:\/\/mocliege.be\/cid\/wp-json\/wp\/v2\/comments?post=4"}],"version-history":[{"count":30,"href":"https:\/\/mocliege.be\/cid\/wp-json\/wp\/v2\/pages\/4\/revisions"}],"predecessor-version":[{"id":1038,"href":"https:\/\/mocliege.be\/cid\/wp-json\/wp\/v2\/pages\/4\/revisions\/1038"}],"wp:featuredmedia":[{"embeddable":true,"href":"https:\/\/mocliege.be\/cid\/wp-json\/wp\/v2\/media\/980"}],"wp:attachment":[{"href":"https:\/\/mocliege.be\/cid\/wp-json\/wp\/v2\/media?parent=4"}],"curies":[{"name":"wp","href":"https:\/\/api.w.org\/{rel}","templated":true}]}}

<h1>Le CID asbl</h1>
<p><img loading="lazy" decoding="async" class="alignleft wp-image-980" src="https://mocliege.be/cid/wp-content/uploads/sites/7/2025/04/le-cid-asbl-logo-v3-300x300.jpg" alt="" width="200" height="200" srcset="https://mocliege.be/cid/wp-content/uploads/sites/7/2025/04/le-cid-asbl-logo-v3-300x300.jpg 300w, https://mocliege.be/cid/wp-content/uploads/sites/7/2025/04/le-cid-asbl-logo-v3-1024x1024.jpg 1024w, https://mocliege.be/cid/wp-content/uploads/sites/7/2025/04/le-cid-asbl-logo-v3-150x150.jpg 150w, https://mocliege.be/cid/wp-content/uploads/sites/7/2025/04/le-cid-asbl-logo-v3-768x768.jpg 768w, https://mocliege.be/cid/wp-content/uploads/sites/7/2025/04/le-cid-asbl-logo-v3-64x64.jpg 64w, https://mocliege.be/cid/wp-content/uploads/sites/7/2025/04/le-cid-asbl-logo-v3-250x250.jpg 250w, https://mocliege.be/cid/wp-content/uploads/sites/7/2025/04/le-cid-asbl-logo-v3-75x75.jpg 75w, https://mocliege.be/cid/wp-content/uploads/sites/7/2025/04/le-cid-asbl-logo-v3-450x450.jpg 450w, https://mocliege.be/cid/wp-content/uploads/sites/7/2025/04/le-cid-asbl-logo-v3-600x600.jpg 600w, https://mocliege.be/cid/wp-content/uploads/sites/7/2025/04/le-cid-asbl-logo-v3-1200x1200.jpg 1200w, https://mocliege.be/cid/wp-content/uploads/sites/7/2025/04/le-cid-asbl-logo-v3.jpg 1333w" sizes="(max-width: 200px) 100vw, 200px" /></p>
<p>&nbsp;</p>
<p>&nbsp;</p>
<p>Centre d&rsquo;insertion et de développement</p>
<p><em>Une équipe qui accompagne et encadre vers la qualification et l&#8217;emploi.</em></p>
<p>&nbsp;</p>
<p>&nbsp;</p>
<h3 class="centered_title"><strong>Pour les dernières dates de formation, et tous les détails, rendez-vous sur notre site dédié : </strong></h3>
<h3 class="centered_title"><strong><a href="https://asbl-lecid.be/" target="_blank" rel="noopener">https://asbl-lecid.be/</a> </strong></h3>
<p>&nbsp;</p>
<p>&nbsp;</p>
<p><img loading="lazy" decoding="async" class="alignnone wp-image-819 " src="https://mocliege.be/cid/wp-content/uploads/sites/7/2023/12/logo-partenaires-CID-banner-300x50.png" alt="" width="834" height="139" srcset="https://mocliege.be/cid/wp-content/uploads/sites/7/2023/12/logo-partenaires-CID-banner-300x50.png 300w, https://mocliege.be/cid/wp-content/uploads/sites/7/2023/12/logo-partenaires-CID-banner-768x128.png 768w, https://mocliege.be/cid/wp-content/uploads/sites/7/2023/12/logo-partenaires-CID-banner-64x11.png 64w, https://mocliege.be/cid/wp-content/uploads/sites/7/2023/12/logo-partenaires-CID-banner-250x42.png 250w, https://mocliege.be/cid/wp-content/uploads/sites/7/2023/12/logo-partenaires-CID-banner-120x20.png 120w, https://mocliege.be/cid/wp-content/uploads/sites/7/2023/12/logo-partenaires-CID-banner-150x25.png 150w, https://mocliege.be/cid/wp-content/uploads/sites/7/2023/12/logo-partenaires-CID-banner-450x75.png 450w, https://mocliege.be/cid/wp-content/uploads/sites/7/2023/12/logo-partenaires-CID-banner-600x100.png 600w, https://mocliege.be/cid/wp-content/uploads/sites/7/2023/12/logo-partenaires-CID-banner.png 780w" sizes="(max-width: 834px) 100vw, 834px" /></p>

<p>Le CID asbl &nbsp; &nbsp; Centre d&rsquo;insertion et de développement Une équipe qui accompagne et [&hellip;]</p>

<!-- This site is optimized with the Yoast SEO plugin v19.14 - https://yoast.com/wordpress/plugins/seo/ -->
<title>Accueil - Le CID asbl</title>
<meta name="description" content="Le CID s’adresse à un Public de Travailleurs Sans Emploi peu qualifié(e)s et propose des formations d’Aide-Soignant(e), d’Aide-Ménager(ère) Social(e), d’Orientation Professionnelle ou encore la formation FLE/Citoyenneté." />
<meta name="robots" content="index, follow, max-snippet:-1, max-image-preview:large, max-video-preview:-1" />
<link rel="canonical" href="https://mocliege.be/cid/" />
<meta property="og:locale" content="fr_FR" />
<meta property="og:type" content="article" />
<meta property="og:title" content="Accueil - Le CID asbl" />
<meta property="og:description" content="Le CID s’adresse à un Public de Travailleurs Sans Emploi peu qualifié(e)s et propose des formations d’Aide-Soignant(e), d’Aide-Ménager(ère) Social(e), d’Orientation Professionnelle ou encore la formation FLE/Citoyenneté." />
<meta property="og:url" content="https://mocliege.be/cid/" />
<meta property="og:site_name" content="Le CID asbl" />
<meta property="article:modified_time" content="2025-09-29T12:17:14+00:00" />
<meta property="og:image" content="https://mocliege.be/cid/wp-content/uploads/sites/7/2025/04/le-cid-asbl-logo-v3.jpg" />
	<meta property="og:image:width" content="1333" />
	<meta property="og:image:height" content="1333" />
	<meta property="og:image:type" content="image/jpeg" />
<meta name="twitter:card" content="summary_large_image" />
<meta name="twitter:label1" content="Durée de lecture est." />
	<meta name="twitter:data1" content="1 minute" />
<script type="application/ld+json" class="yoast-schema-graph">{"@context":"https://schema.org","@graph":[{"@type":"WebPage","@id":"https://mocliege.be/cid/","url":"https://mocliege.be/cid/","name":"Accueil - Le CID asbl","isPartOf":{"@id":"https://mocliege.be/cid/#website"},"datePublished":"2019-08-07T07:47:02+00:00","dateModified":"2025-09-29T12:17:14+00:00","description":"Le CID s’adresse à un Public de Travailleurs Sans Emploi peu qualifié(e)s et propose des formations d’Aide-Soignant(e), d’Aide-Ménager(ère) Social(e), d’Orientation Professionnelle ou encore la formation FLE/Citoyenneté.","breadcrumb":{"@id":"https://mocliege.be/cid/#breadcrumb"},"inLanguage":"fr-BE","potentialAction":[{"@type":"ReadAction","target":["https://mocliege.be/cid/"]}]},{"@type":"BreadcrumbList","@id":"https://mocliege.be/cid/#breadcrumb","itemListElement":[{"@type":"ListItem","position":1,"name":"Accueil","item":"https://mocliege.be/cid/"},{"@type":"ListItem","position":2,"name":"Accueil"}]},{"@type":"WebSite","@id":"https://mocliege.be/cid/#website","url":"https://mocliege.be/cid/","name":"Le CID asbl","description":"Un site utilisant Sites du MOC - Liège","potentialAction":[{"@type":"SearchAction","target":{"@type":"EntryPoint","urlTemplate":"https://mocliege.be/cid/?s={search_term_string}"},"query-input":"required name=search_term_string"}],"inLanguage":"fr-BE"}]}</script>
<!-- / Yoast SEO plugin. -->

Le CID s’adresse à un Public de Travailleurs Sans Emploi peu qualifié(e)s et propose des formations d’Aide-Soignant(e), d’Aide-Ménager(ère) Social(e), d’Orientation Professionnelle ou encore la formation FLE/Citoyenneté.

Un site utilisant Sites du MOC - Liège
