{"id":312,"date":"2020-08-27T12:26:13","date_gmt":"2020-08-27T10:26:13","guid":{"rendered":"https:\/\/mocliege.be\/cid\/?post_type=pec-events&#038;p=312"},"modified":"2020-08-27T14:46:36","modified_gmt":"2020-08-27T12:46:36","slug":"fin-formation-aide-menagerere","status":"publish","type":"pec-events","link":"https:\/\/mocliege.be\/cid\/pec-events\/fin-formation-aide-menagerere\/","title":{"rendered":"Fin formation aide-m\u00e9nager(\u00e8re)"},"content":{"rendered":"<p style=\"text-align: center\">Fin de la formation aide-m\u00e9nager(\u00e8re).<\/p>\n<p style=\"text-align: center\">Remise des dipl\u00f4mes.<\/p>\n","protected":false},"author":16,"featured_media":0,"comment_status":"open","ping_status":"closed","template":"","tags":[],"pec_events_category":[],"acf":[],"yoast_head":"<!-- This site is optimized with the Yoast SEO plugin v19.14 - https:\/\/yoast.com\/wordpress\/plugins\/seo\/ -->\n<title>Fin formation aide-m\u00e9nager(\u00e8re) - Le CID asbl<\/title>\n<meta name=\"robots\" content=\"index, follow, max-snippet:-1, max-image-preview:large, max-video-preview:-1\" \/>\n<link rel=\"canonical\" href=\"https:\/\/mocliege.be\/cid\/pec-events\/fin-formation-aide-menagerere\/\" \/>\n<meta property=\"og:locale\" content=\"fr_FR\" \/>\n<meta property=\"og:type\" content=\"article\" \/>\n<meta property=\"og:title\" content=\"Fin formation aide-m\u00e9nager(\u00e8re) - Le CID asbl\" \/>\n<meta property=\"og:description\" content=\"Fin de la formation aide-m\u00e9nager(\u00e8re). Remise des dipl\u00f4mes.\" \/>\n<meta property=\"og:url\" content=\"https:\/\/mocliege.be\/cid\/pec-events\/fin-formation-aide-menagerere\/\" \/>\n<meta property=\"og:site_name\" content=\"Le CID asbl\" \/>\n<meta property=\"article:modified_time\" content=\"2020-08-27T12:46:36+00:00\" \/>\n<meta name=\"twitter:card\" content=\"summary_large_image\" \/>\n<script type=\"application\/ld+json\" class=\"yoast-schema-graph\">{\"@context\":\"https:\/\/schema.org\",\"@graph\":[{\"@type\":\"WebPage\",\"@id\":\"https:\/\/mocliege.be\/cid\/pec-events\/fin-formation-aide-menagerere\/\",\"url\":\"https:\/\/mocliege.be\/cid\/pec-events\/fin-formation-aide-menagerere\/\",\"name\":\"Fin formation aide-m\u00e9nager(\u00e8re) - Le CID asbl\",\"isPartOf\":{\"@id\":\"https:\/\/mocliege.be\/cid\/#website\"},\"datePublished\":\"2020-08-27T10:26:13+00:00\",\"dateModified\":\"2020-08-27T12:46:36+00:00\",\"breadcrumb\":{\"@id\":\"https:\/\/mocliege.be\/cid\/pec-events\/fin-formation-aide-menagerere\/#breadcrumb\"},\"inLanguage\":\"fr-BE\",\"potentialAction\":[{\"@type\":\"ReadAction\",\"target\":[\"https:\/\/mocliege.be\/cid\/pec-events\/fin-formation-aide-menagerere\/\"]}]},{\"@type\":\"BreadcrumbList\",\"@id\":\"https:\/\/mocliege.be\/cid\/pec-events\/fin-formation-aide-menagerere\/#breadcrumb\",\"itemListElement\":[{\"@type\":\"ListItem\",\"position\":1,\"name\":\"Accueil\",\"item\":\"https:\/\/mocliege.be\/cid\/\"},{\"@type\":\"ListItem\",\"position\":2,\"name\":\"Pro Event Calendar\",\"item\":\"https:\/\/mocliege.be\/cid\/pec-events\/\"},{\"@type\":\"ListItem\",\"position\":3,\"name\":\"Fin formation aide-m\u00e9nager(\u00e8re)\"}]},{\"@type\":\"WebSite\",\"@id\":\"https:\/\/mocliege.be\/cid\/#website\",\"url\":\"https:\/\/mocliege.be\/cid\/\",\"name\":\"Le CID asbl\",\"description\":\"Un site utilisant Sites du MOC - Li\u00e8ge\",\"potentialAction\":[{\"@type\":\"SearchAction\",\"target\":{\"@type\":\"EntryPoint\",\"urlTemplate\":\"https:\/\/mocliege.be\/cid\/?s={search_term_string}\"},\"query-input\":\"required name=search_term_string\"}],\"inLanguage\":\"fr-BE\"}]}<\/script>\n<!-- \/ Yoast SEO plugin. -->","yoast_head_json":{"title":"Fin formation aide-m\u00e9nager(\u00e8re) - Le CID asbl","robots":{"index":"index","follow":"follow","max-snippet":"max-snippet:-1","max-image-preview":"max-image-preview:large","max-video-preview":"max-video-preview:-1"},"canonical":"https:\/\/mocliege.be\/cid\/pec-events\/fin-formation-aide-menagerere\/","og_locale":"fr_FR","og_type":"article","og_title":"Fin formation aide-m\u00e9nager(\u00e8re) - Le CID asbl","og_description":"Fin de la formation aide-m\u00e9nager(\u00e8re). Remise des dipl\u00f4mes.","og_url":"https:\/\/mocliege.be\/cid\/pec-events\/fin-formation-aide-menagerere\/","og_site_name":"Le CID asbl","article_modified_time":"2020-08-27T12:46:36+00:00","twitter_card":"summary_large_image","schema":{"@context":"https:\/\/schema.org","@graph":[{"@type":"WebPage","@id":"https:\/\/mocliege.be\/cid\/pec-events\/fin-formation-aide-menagerere\/","url":"https:\/\/mocliege.be\/cid\/pec-events\/fin-formation-aide-menagerere\/","name":"Fin formation aide-m\u00e9nager(\u00e8re) - Le CID asbl","isPartOf":{"@id":"https:\/\/mocliege.be\/cid\/#website"},"datePublished":"2020-08-27T10:26:13+00:00","dateModified":"2020-08-27T12:46:36+00:00","breadcrumb":{"@id":"https:\/\/mocliege.be\/cid\/pec-events\/fin-formation-aide-menagerere\/#breadcrumb"},"inLanguage":"fr-BE","potentialAction":[{"@type":"ReadAction","target":["https:\/\/mocliege.be\/cid\/pec-events\/fin-formation-aide-menagerere\/"]}]},{"@type":"BreadcrumbList","@id":"https:\/\/mocliege.be\/cid\/pec-events\/fin-formation-aide-menagerere\/#breadcrumb","itemListElement":[{"@type":"ListItem","position":1,"name":"Accueil","item":"https:\/\/mocliege.be\/cid\/"},{"@type":"ListItem","position":2,"name":"Pro Event Calendar","item":"https:\/\/mocliege.be\/cid\/pec-events\/"},{"@type":"ListItem","position":3,"name":"Fin formation aide-m\u00e9nager(\u00e8re)"}]},{"@type":"WebSite","@id":"https:\/\/mocliege.be\/cid\/#website","url":"https:\/\/mocliege.be\/cid\/","name":"Le CID asbl","description":"Un site utilisant Sites du MOC - Li\u00e8ge","potentialAction":[{"@type":"SearchAction","target":{"@type":"EntryPoint","urlTemplate":"https:\/\/mocliege.be\/cid\/?s={search_term_string}"},"query-input":"required name=search_term_string"}],"inLanguage":"fr-BE"}]}},"pec_date":"2021-04-02 09:00:00","pec_venue_map_lnlat":"","pec_featured_image":"","pec_id_calendar":"1","pec_featured_event":"","pec_all_day":"","pec_tbc":"","pec_daily_working_days":"","pec_daily_every":"1","pec_weekly_every":"1","pec_weekly_day":"","pec_monthly_every":"1","pec_monthly_position":"","pec_monthly_day":"","pec_exceptions":"","pec_extra_dates":"","pec_end_date":"","pec_link":"","pec_age_range":"","pec_map":"","pec_end_time_hh":"","pec_end_time_mm":"","pec_hide_time":"","pec_organizer":"","pec_phone":"","pec_recurring_frecuency":"0","pec_location":"","_links":{"self":[{"href":"https:\/\/mocliege.be\/cid\/wp-json\/wp\/v2\/pec-events\/312"}],"collection":[{"href":"https:\/\/mocliege.be\/cid\/wp-json\/wp\/v2\/pec-events"}],"about":[{"href":"https:\/\/mocliege.be\/cid\/wp-json\/wp\/v2\/types\/pec-events"}],"author":[{"embeddable":true,"href":"https:\/\/mocliege.be\/cid\/wp-json\/wp\/v2\/users\/16"}],"replies":[{"embeddable":true,"href":"https:\/\/mocliege.be\/cid\/wp-json\/wp\/v2\/comments?post=312"}],"wp:attachment":[{"href":"https:\/\/mocliege.be\/cid\/wp-json\/wp\/v2\/media?parent=312"}],"wp:term":[{"taxonomy":"post_tag","embeddable":true,"href":"https:\/\/mocliege.be\/cid\/wp-json\/wp\/v2\/tags?post=312"},{"taxonomy":"pec_events_category","embeddable":true,"href":"https:\/\/mocliege.be\/cid\/wp-json\/wp\/v2\/pec_events_category?post=312"}],"curies":[{"name":"wp","href":"https:\/\/api.w.org\/{rel}","templated":true}]}}

Fin formation aide-ménager(ère)

<p style="text-align: center">Fin de la formation aide-ménager(ère).</p>
<p style="text-align: center">Remise des diplômes.</p>

<!-- This site is optimized with the Yoast SEO plugin v19.14 - https://yoast.com/wordpress/plugins/seo/ -->
<title>Fin formation aide-ménager(ère) - Le CID asbl</title>
<meta name="robots" content="index, follow, max-snippet:-1, max-image-preview:large, max-video-preview:-1" />
<link rel="canonical" href="https://mocliege.be/cid/pec-events/fin-formation-aide-menagerere/" />
<meta property="og:locale" content="fr_FR" />
<meta property="og:type" content="article" />
<meta property="og:title" content="Fin formation aide-ménager(ère) - Le CID asbl" />
<meta property="og:description" content="Fin de la formation aide-ménager(ère). Remise des diplômes." />
<meta property="og:url" content="https://mocliege.be/cid/pec-events/fin-formation-aide-menagerere/" />
<meta property="og:site_name" content="Le CID asbl" />
<meta property="article:modified_time" content="2020-08-27T12:46:36+00:00" />
<meta name="twitter:card" content="summary_large_image" />
<script type="application/ld+json" class="yoast-schema-graph">{"@context":"https://schema.org","@graph":[{"@type":"WebPage","@id":"https://mocliege.be/cid/pec-events/fin-formation-aide-menagerere/","url":"https://mocliege.be/cid/pec-events/fin-formation-aide-menagerere/","name":"Fin formation aide-ménager(ère) - Le CID asbl","isPartOf":{"@id":"https://mocliege.be/cid/#website"},"datePublished":"2020-08-27T10:26:13+00:00","dateModified":"2020-08-27T12:46:36+00:00","breadcrumb":{"@id":"https://mocliege.be/cid/pec-events/fin-formation-aide-menagerere/#breadcrumb"},"inLanguage":"fr-BE","potentialAction":[{"@type":"ReadAction","target":["https://mocliege.be/cid/pec-events/fin-formation-aide-menagerere/"]}]},{"@type":"BreadcrumbList","@id":"https://mocliege.be/cid/pec-events/fin-formation-aide-menagerere/#breadcrumb","itemListElement":[{"@type":"ListItem","position":1,"name":"Accueil","item":"https://mocliege.be/cid/"},{"@type":"ListItem","position":2,"name":"Pro Event Calendar","item":"https://mocliege.be/cid/pec-events/"},{"@type":"ListItem","position":3,"name":"Fin formation aide-ménager(ère)"}]},{"@type":"WebSite","@id":"https://mocliege.be/cid/#website","url":"https://mocliege.be/cid/","name":"Le CID asbl","description":"Un site utilisant Sites du MOC - Liège","potentialAction":[{"@type":"SearchAction","target":{"@type":"EntryPoint","urlTemplate":"https://mocliege.be/cid/?s={search_term_string}"},"query-input":"required name=search_term_string"}],"inLanguage":"fr-BE"}]}</script>
<!-- / Yoast SEO plugin. -->

Fin formation aide-ménager(ère) - Le CID asbl

Fin de la formation aide-ménager(ère). Remise des diplômes.

Un site utilisant Sites du MOC - Liège
