{"id":6,"date":"2019-03-01T13:51:06","date_gmt":"2019-03-01T12:51:06","guid":{"rendered":"https:\/\/dev.petithanb.be\/moc\/ciep-verviers\/?page_id=6"},"modified":"2025-03-28T13:35:30","modified_gmt":"2025-03-28T12:35:30","slug":"a-propos","status":"publish","type":"page","link":"https:\/\/mocliege.be\/ciep-verviers\/a-propos\/","title":{"rendered":"\u00c0 propos"},"content":{"rendered":"<h1>Qui sommes-nous ?<\/h1>\n<p>Le CIEP de Verviers, <strong>C<\/strong>entre d\u2019<strong>I<\/strong>nformation et d\u2019<strong>E<\/strong>ducation <strong>P<\/strong>opulaire du MOC de LHWV est un organisme d&rsquo;\u00e9ducation permanente de <strong>gauche progressiste<\/strong> dont le c\u0153ur de la mission est d&rsquo;accompagner son public dans sa pratique d&rsquo;une <strong>citoyennet\u00e9 active et critique. <\/strong>D\u00e9mocratie, \u00e9cologie, migration, \u00e9nergie, ain\u00e9s, culture&#8230; sont tant de th\u00e9matiques trait\u00e9es quotidiennement sur le <strong>terrain<\/strong> dans une vis\u00e9e d&rsquo;<strong>\u00e9mancipation collective et de solidarit\u00e9<\/strong>.<\/p>\n","protected":false},"excerpt":{"rendered":"<p>Qui sommes-nous ? Le CIEP de Verviers, Centre d\u2019Information et d\u2019Education Populaire du MOC de [&hellip;]<\/p>\n","protected":false},"author":1,"featured_media":0,"parent":0,"menu_order":0,"comment_status":"closed","ping_status":"closed","template":"template-about.php","meta":{"_monsterinsights_skip_tracking":false,"_monsterinsights_sitenote_active":false,"_monsterinsights_sitenote_note":"","_monsterinsights_sitenote_category":0,"footnotes":""},"acf":[],"yoast_head":"<!-- This site is optimized with the Yoast SEO plugin v19.14 - https:\/\/yoast.com\/wordpress\/plugins\/seo\/ -->\n<title>\u00c0 propos - Ciep-verviers<\/title>\n<meta name=\"robots\" content=\"index, follow, max-snippet:-1, max-image-preview:large, max-video-preview:-1\" \/>\n<link rel=\"canonical\" href=\"https:\/\/mocliege.be\/ciep-verviers\/a-propos\/\" \/>\n<meta property=\"og:locale\" content=\"fr_FR\" \/>\n<meta property=\"og:type\" content=\"article\" \/>\n<meta property=\"og:title\" content=\"\u00c0 propos - Ciep-verviers\" \/>\n<meta property=\"og:description\" content=\"Qui sommes-nous ? Le CIEP de Verviers, Centre d\u2019Information et d\u2019Education Populaire du MOC de [&hellip;]\" \/>\n<meta property=\"og:url\" content=\"https:\/\/mocliege.be\/ciep-verviers\/a-propos\/\" \/>\n<meta property=\"og:site_name\" content=\"Ciep-verviers\" \/>\n<meta property=\"article:modified_time\" content=\"2025-03-28T12:35:30+00:00\" \/>\n<meta name=\"twitter:card\" content=\"summary_large_image\" \/>\n<script type=\"application\/ld+json\" class=\"yoast-schema-graph\">{\"@context\":\"https:\/\/schema.org\",\"@graph\":[{\"@type\":\"WebPage\",\"@id\":\"https:\/\/mocliege.be\/ciep-verviers\/a-propos\/\",\"url\":\"https:\/\/mocliege.be\/ciep-verviers\/a-propos\/\",\"name\":\"\u00c0 propos - Ciep-verviers\",\"isPartOf\":{\"@id\":\"https:\/\/mocliege.be\/ciep-verviers\/#website\"},\"datePublished\":\"2019-03-01T12:51:06+00:00\",\"dateModified\":\"2025-03-28T12:35:30+00:00\",\"breadcrumb\":{\"@id\":\"https:\/\/mocliege.be\/ciep-verviers\/a-propos\/#breadcrumb\"},\"inLanguage\":\"fr-FR\",\"potentialAction\":[{\"@type\":\"ReadAction\",\"target\":[\"https:\/\/mocliege.be\/ciep-verviers\/a-propos\/\"]}]},{\"@type\":\"BreadcrumbList\",\"@id\":\"https:\/\/mocliege.be\/ciep-verviers\/a-propos\/#breadcrumb\",\"itemListElement\":[{\"@type\":\"ListItem\",\"position\":1,\"name\":\"Accueil\",\"item\":\"https:\/\/mocliege.be\/ciep-verviers\/\"},{\"@type\":\"ListItem\",\"position\":2,\"name\":\"\u00c0 propos\"}]},{\"@type\":\"WebSite\",\"@id\":\"https:\/\/mocliege.be\/ciep-verviers\/#website\",\"url\":\"https:\/\/mocliege.be\/ciep-verviers\/\",\"name\":\"Ciep-verviers\",\"description\":\"Un site utilisant Sites du MOC - Li\u00e8ge\",\"potentialAction\":[{\"@type\":\"SearchAction\",\"target\":{\"@type\":\"EntryPoint\",\"urlTemplate\":\"https:\/\/mocliege.be\/ciep-verviers\/?s={search_term_string}\"},\"query-input\":\"required name=search_term_string\"}],\"inLanguage\":\"fr-FR\"}]}<\/script>\n<!-- \/ Yoast SEO plugin. -->","yoast_head_json":{"title":"\u00c0 propos - Ciep-verviers","robots":{"index":"index","follow":"follow","max-snippet":"max-snippet:-1","max-image-preview":"max-image-preview:large","max-video-preview":"max-video-preview:-1"},"canonical":"https:\/\/mocliege.be\/ciep-verviers\/a-propos\/","og_locale":"fr_FR","og_type":"article","og_title":"\u00c0 propos - Ciep-verviers","og_description":"Qui sommes-nous ? Le CIEP de Verviers, Centre d\u2019Information et d\u2019Education Populaire du MOC de [&hellip;]","og_url":"https:\/\/mocliege.be\/ciep-verviers\/a-propos\/","og_site_name":"Ciep-verviers","article_modified_time":"2025-03-28T12:35:30+00:00","twitter_card":"summary_large_image","schema":{"@context":"https:\/\/schema.org","@graph":[{"@type":"WebPage","@id":"https:\/\/mocliege.be\/ciep-verviers\/a-propos\/","url":"https:\/\/mocliege.be\/ciep-verviers\/a-propos\/","name":"\u00c0 propos - Ciep-verviers","isPartOf":{"@id":"https:\/\/mocliege.be\/ciep-verviers\/#website"},"datePublished":"2019-03-01T12:51:06+00:00","dateModified":"2025-03-28T12:35:30+00:00","breadcrumb":{"@id":"https:\/\/mocliege.be\/ciep-verviers\/a-propos\/#breadcrumb"},"inLanguage":"fr-FR","potentialAction":[{"@type":"ReadAction","target":["https:\/\/mocliege.be\/ciep-verviers\/a-propos\/"]}]},{"@type":"BreadcrumbList","@id":"https:\/\/mocliege.be\/ciep-verviers\/a-propos\/#breadcrumb","itemListElement":[{"@type":"ListItem","position":1,"name":"Accueil","item":"https:\/\/mocliege.be\/ciep-verviers\/"},{"@type":"ListItem","position":2,"name":"\u00c0 propos"}]},{"@type":"WebSite","@id":"https:\/\/mocliege.be\/ciep-verviers\/#website","url":"https:\/\/mocliege.be\/ciep-verviers\/","name":"Ciep-verviers","description":"Un site utilisant Sites du MOC - Li\u00e8ge","potentialAction":[{"@type":"SearchAction","target":{"@type":"EntryPoint","urlTemplate":"https:\/\/mocliege.be\/ciep-verviers\/?s={search_term_string}"},"query-input":"required name=search_term_string"}],"inLanguage":"fr-FR"}]}},"_links":{"self":[{"href":"https:\/\/mocliege.be\/ciep-verviers\/wp-json\/wp\/v2\/pages\/6"}],"collection":[{"href":"https:\/\/mocliege.be\/ciep-verviers\/wp-json\/wp\/v2\/pages"}],"about":[{"href":"https:\/\/mocliege.be\/ciep-verviers\/wp-json\/wp\/v2\/types\/page"}],"author":[{"embeddable":true,"href":"https:\/\/mocliege.be\/ciep-verviers\/wp-json\/wp\/v2\/users\/1"}],"replies":[{"embeddable":true,"href":"https:\/\/mocliege.be\/ciep-verviers\/wp-json\/wp\/v2\/comments?post=6"}],"version-history":[{"count":10,"href":"https:\/\/mocliege.be\/ciep-verviers\/wp-json\/wp\/v2\/pages\/6\/revisions"}],"predecessor-version":[{"id":2117,"href":"https:\/\/mocliege.be\/ciep-verviers\/wp-json\/wp\/v2\/pages\/6\/revisions\/2117"}],"wp:attachment":[{"href":"https:\/\/mocliege.be\/ciep-verviers\/wp-json\/wp\/v2\/media?parent=6"}],"curies":[{"name":"wp","href":"https:\/\/api.w.org\/{rel}","templated":true}]}}

À propos

<h1>Qui sommes-nous ?</h1>
<p>Le CIEP de Verviers, <strong>C</strong>entre d’<strong>I</strong>nformation et d’<strong>E</strong>ducation <strong>P</strong>opulaire du MOC de LHWV est un organisme d&rsquo;éducation permanente de <strong>gauche progressiste</strong> dont le cœur de la mission est d&rsquo;accompagner son public dans sa pratique d&rsquo;une <strong>citoyenneté active et critique. </strong>Démocratie, écologie, migration, énergie, ainés, culture&#8230; sont tant de thématiques traitées quotidiennement sur le <strong>terrain</strong> dans une visée d&rsquo;<strong>émancipation collective et de solidarité</strong>.</p>

<!-- This site is optimized with the Yoast SEO plugin v19.14 - https://yoast.com/wordpress/plugins/seo/ -->
<title>À propos - Ciep-verviers</title>
<meta name="robots" content="index, follow, max-snippet:-1, max-image-preview:large, max-video-preview:-1" />
<link rel="canonical" href="https://mocliege.be/ciep-verviers/a-propos/" />
<meta property="og:locale" content="fr_FR" />
<meta property="og:type" content="article" />
<meta property="og:title" content="À propos - Ciep-verviers" />
<meta property="og:description" content="Qui sommes-nous ? Le CIEP de Verviers, Centre d’Information et d’Education Populaire du MOC de [&hellip;]" />
<meta property="og:url" content="https://mocliege.be/ciep-verviers/a-propos/" />
<meta property="og:site_name" content="Ciep-verviers" />
<meta property="article:modified_time" content="2025-03-28T12:35:30+00:00" />
<meta name="twitter:card" content="summary_large_image" />
<script type="application/ld+json" class="yoast-schema-graph">{"@context":"https://schema.org","@graph":[{"@type":"WebPage","@id":"https://mocliege.be/ciep-verviers/a-propos/","url":"https://mocliege.be/ciep-verviers/a-propos/","name":"À propos - Ciep-verviers","isPartOf":{"@id":"https://mocliege.be/ciep-verviers/#website"},"datePublished":"2019-03-01T12:51:06+00:00","dateModified":"2025-03-28T12:35:30+00:00","breadcrumb":{"@id":"https://mocliege.be/ciep-verviers/a-propos/#breadcrumb"},"inLanguage":"fr-FR","potentialAction":[{"@type":"ReadAction","target":["https://mocliege.be/ciep-verviers/a-propos/"]}]},{"@type":"BreadcrumbList","@id":"https://mocliege.be/ciep-verviers/a-propos/#breadcrumb","itemListElement":[{"@type":"ListItem","position":1,"name":"Accueil","item":"https://mocliege.be/ciep-verviers/"},{"@type":"ListItem","position":2,"name":"À propos"}]},{"@type":"WebSite","@id":"https://mocliege.be/ciep-verviers/#website","url":"https://mocliege.be/ciep-verviers/","name":"Ciep-verviers","description":"Un site utilisant Sites du MOC - Liège","potentialAction":[{"@type":"SearchAction","target":{"@type":"EntryPoint","urlTemplate":"https://mocliege.be/ciep-verviers/?s={search_term_string}"},"query-input":"required name=search_term_string"}],"inLanguage":"fr-FR"}]}</script>
<!-- / Yoast SEO plugin. -->

À propos - Ciep-verviers

Un site utilisant Sites du MOC - Liège
