{"id":1094,"date":"2021-06-14T10:23:14","date_gmt":"2021-06-14T08:23:14","guid":{"rendered":"https:\/\/mocliege.be\/ciep-verviers\/?post_type=pec-events&#038;p=1094"},"modified":"2021-06-14T10:23:14","modified_gmt":"2021-06-14T08:23:14","slug":"visioconference-1886-la-grande-vague-de-greves-et-la-naissance-du-pob","status":"publish","type":"pec-events","link":"https:\/\/mocliege.be\/ciep-verviers\/pec-events\/visioconference-1886-la-grande-vague-de-greves-et-la-naissance-du-pob\/","title":{"rendered":"Visioconf\u00e9rence | 1886 | La grande vague de gr\u00e8ves et la naissance du POB"},"content":{"rendered":"<blockquote class=\"wp-embedded-content\" data-secret=\"YxB2E4Ndqi\"><p><a href=\"https:\/\/mocliege.be\/visioconference-1886-la-grande-vague-de-greves-et-la-naissance-du-parti-ouvrier-belge-mardi-22-juin-14h\/\">Visioconf\u00e9rence | 1886 | La grande vague de gr\u00e8ves et la naissance du Parti Ouvrier Belge | Mardi 22 juin 14h<\/a><\/p><\/blockquote>\n<p><iframe class=\"wp-embedded-content\" sandbox=\"allow-scripts\" security=\"restricted\" style=\"position: absolute; clip: rect(1px, 1px, 1px, 1px);\" title=\"\u00ab\u00a0Visioconf\u00e9rence | 1886 | La grande vague de gr\u00e8ves et la naissance du Parti Ouvrier Belge | Mardi 22 juin 14h\u00a0\u00bb &#8212; MOC Li\u00e8ge\" src=\"https:\/\/mocliege.be\/visioconference-1886-la-grande-vague-de-greves-et-la-naissance-du-parti-ouvrier-belge-mardi-22-juin-14h\/embed\/#?secret=YxB2E4Ndqi\" data-secret=\"YxB2E4Ndqi\" width=\"500\" height=\"282\" frameborder=\"0\" marginwidth=\"0\" marginheight=\"0\" scrolling=\"no\"><\/iframe><\/p>\n","protected":false},"author":17,"featured_media":0,"comment_status":"open","ping_status":"closed","template":"","tags":[],"pec_events_category":[],"acf":[],"yoast_head":"<!-- This site is optimized with the Yoast SEO plugin v19.14 - https:\/\/yoast.com\/wordpress\/plugins\/seo\/ -->\n<title>Visioconf\u00e9rence | 1886 | La grande vague de gr\u00e8ves et la naissance du POB - Ciep-verviers<\/title>\n<meta name=\"robots\" content=\"index, follow, max-snippet:-1, max-image-preview:large, max-video-preview:-1\" \/>\n<link rel=\"canonical\" href=\"https:\/\/mocliege.be\/ciep-verviers\/pec-events\/visioconference-1886-la-grande-vague-de-greves-et-la-naissance-du-pob\/\" \/>\n<meta property=\"og:locale\" content=\"fr_FR\" \/>\n<meta property=\"og:type\" content=\"article\" \/>\n<meta property=\"og:title\" content=\"Visioconf\u00e9rence | 1886 | La grande vague de gr\u00e8ves et la naissance du POB - Ciep-verviers\" \/>\n<meta property=\"og:description\" content=\"Visioconf\u00e9rence | 1886 | La grande vague de gr\u00e8ves et la naissance du Parti Ouvrier [&hellip;]\" \/>\n<meta property=\"og:url\" content=\"https:\/\/mocliege.be\/ciep-verviers\/pec-events\/visioconference-1886-la-grande-vague-de-greves-et-la-naissance-du-pob\/\" \/>\n<meta property=\"og:site_name\" content=\"Ciep-verviers\" \/>\n<meta name=\"twitter:card\" content=\"summary_large_image\" \/>\n<script type=\"application\/ld+json\" class=\"yoast-schema-graph\">{\"@context\":\"https:\/\/schema.org\",\"@graph\":[{\"@type\":\"WebPage\",\"@id\":\"https:\/\/mocliege.be\/ciep-verviers\/pec-events\/visioconference-1886-la-grande-vague-de-greves-et-la-naissance-du-pob\/\",\"url\":\"https:\/\/mocliege.be\/ciep-verviers\/pec-events\/visioconference-1886-la-grande-vague-de-greves-et-la-naissance-du-pob\/\",\"name\":\"Visioconf\u00e9rence | 1886 | La grande vague de gr\u00e8ves et la naissance du POB - Ciep-verviers\",\"isPartOf\":{\"@id\":\"https:\/\/mocliege.be\/ciep-verviers\/#website\"},\"datePublished\":\"2021-06-14T08:23:14+00:00\",\"dateModified\":\"2021-06-14T08:23:14+00:00\",\"breadcrumb\":{\"@id\":\"https:\/\/mocliege.be\/ciep-verviers\/pec-events\/visioconference-1886-la-grande-vague-de-greves-et-la-naissance-du-pob\/#breadcrumb\"},\"inLanguage\":\"fr-FR\",\"potentialAction\":[{\"@type\":\"ReadAction\",\"target\":[\"https:\/\/mocliege.be\/ciep-verviers\/pec-events\/visioconference-1886-la-grande-vague-de-greves-et-la-naissance-du-pob\/\"]}]},{\"@type\":\"BreadcrumbList\",\"@id\":\"https:\/\/mocliege.be\/ciep-verviers\/pec-events\/visioconference-1886-la-grande-vague-de-greves-et-la-naissance-du-pob\/#breadcrumb\",\"itemListElement\":[{\"@type\":\"ListItem\",\"position\":1,\"name\":\"Accueil\",\"item\":\"https:\/\/mocliege.be\/ciep-verviers\/\"},{\"@type\":\"ListItem\",\"position\":2,\"name\":\"Pro Event Calendar\",\"item\":\"https:\/\/mocliege.be\/ciep-verviers\/pec-events\/\"},{\"@type\":\"ListItem\",\"position\":3,\"name\":\"Visioconf\u00e9rence | 1886 | La grande vague de gr\u00e8ves et la naissance du POB\"}]},{\"@type\":\"WebSite\",\"@id\":\"https:\/\/mocliege.be\/ciep-verviers\/#website\",\"url\":\"https:\/\/mocliege.be\/ciep-verviers\/\",\"name\":\"Ciep-verviers\",\"description\":\"Un site utilisant Sites du MOC - Li\u00e8ge\",\"potentialAction\":[{\"@type\":\"SearchAction\",\"target\":{\"@type\":\"EntryPoint\",\"urlTemplate\":\"https:\/\/mocliege.be\/ciep-verviers\/?s={search_term_string}\"},\"query-input\":\"required name=search_term_string\"}],\"inLanguage\":\"fr-FR\"}]}<\/script>\n<!-- \/ Yoast SEO plugin. -->","yoast_head_json":{"title":"Visioconf\u00e9rence | 1886 | La grande vague de gr\u00e8ves et la naissance du POB - Ciep-verviers","robots":{"index":"index","follow":"follow","max-snippet":"max-snippet:-1","max-image-preview":"max-image-preview:large","max-video-preview":"max-video-preview:-1"},"canonical":"https:\/\/mocliege.be\/ciep-verviers\/pec-events\/visioconference-1886-la-grande-vague-de-greves-et-la-naissance-du-pob\/","og_locale":"fr_FR","og_type":"article","og_title":"Visioconf\u00e9rence | 1886 | La grande vague de gr\u00e8ves et la naissance du POB - Ciep-verviers","og_description":"Visioconf\u00e9rence | 1886 | La grande vague de gr\u00e8ves et la naissance du Parti Ouvrier [&hellip;]","og_url":"https:\/\/mocliege.be\/ciep-verviers\/pec-events\/visioconference-1886-la-grande-vague-de-greves-et-la-naissance-du-pob\/","og_site_name":"Ciep-verviers","twitter_card":"summary_large_image","schema":{"@context":"https:\/\/schema.org","@graph":[{"@type":"WebPage","@id":"https:\/\/mocliege.be\/ciep-verviers\/pec-events\/visioconference-1886-la-grande-vague-de-greves-et-la-naissance-du-pob\/","url":"https:\/\/mocliege.be\/ciep-verviers\/pec-events\/visioconference-1886-la-grande-vague-de-greves-et-la-naissance-du-pob\/","name":"Visioconf\u00e9rence | 1886 | La grande vague de gr\u00e8ves et la naissance du POB - Ciep-verviers","isPartOf":{"@id":"https:\/\/mocliege.be\/ciep-verviers\/#website"},"datePublished":"2021-06-14T08:23:14+00:00","dateModified":"2021-06-14T08:23:14+00:00","breadcrumb":{"@id":"https:\/\/mocliege.be\/ciep-verviers\/pec-events\/visioconference-1886-la-grande-vague-de-greves-et-la-naissance-du-pob\/#breadcrumb"},"inLanguage":"fr-FR","potentialAction":[{"@type":"ReadAction","target":["https:\/\/mocliege.be\/ciep-verviers\/pec-events\/visioconference-1886-la-grande-vague-de-greves-et-la-naissance-du-pob\/"]}]},{"@type":"BreadcrumbList","@id":"https:\/\/mocliege.be\/ciep-verviers\/pec-events\/visioconference-1886-la-grande-vague-de-greves-et-la-naissance-du-pob\/#breadcrumb","itemListElement":[{"@type":"ListItem","position":1,"name":"Accueil","item":"https:\/\/mocliege.be\/ciep-verviers\/"},{"@type":"ListItem","position":2,"name":"Pro Event Calendar","item":"https:\/\/mocliege.be\/ciep-verviers\/pec-events\/"},{"@type":"ListItem","position":3,"name":"Visioconf\u00e9rence | 1886 | La grande vague de gr\u00e8ves et la naissance du POB"}]},{"@type":"WebSite","@id":"https:\/\/mocliege.be\/ciep-verviers\/#website","url":"https:\/\/mocliege.be\/ciep-verviers\/","name":"Ciep-verviers","description":"Un site utilisant Sites du MOC - Li\u00e8ge","potentialAction":[{"@type":"SearchAction","target":{"@type":"EntryPoint","urlTemplate":"https:\/\/mocliege.be\/ciep-verviers\/?s={search_term_string}"},"query-input":"required name=search_term_string"}],"inLanguage":"fr-FR"}]}},"pec_date":"2021-06-22 14:00:00","pec_venue_map_lnlat":"","pec_featured_image":"","pec_id_calendar":"1","pec_featured_event":"","pec_all_day":"","pec_tbc":"","pec_daily_working_days":"","pec_daily_every":"1","pec_weekly_every":"1","pec_weekly_day":"","pec_monthly_every":"1","pec_monthly_position":"","pec_monthly_day":"","pec_exceptions":"","pec_extra_dates":"","pec_end_date":"","pec_link":"","pec_age_range":"","pec_map":"","pec_end_time_hh":"","pec_end_time_mm":"","pec_hide_time":"","pec_organizer":"","pec_phone":"","pec_recurring_frecuency":"0","pec_location":"","_links":{"self":[{"href":"https:\/\/mocliege.be\/ciep-verviers\/wp-json\/wp\/v2\/pec-events\/1094"}],"collection":[{"href":"https:\/\/mocliege.be\/ciep-verviers\/wp-json\/wp\/v2\/pec-events"}],"about":[{"href":"https:\/\/mocliege.be\/ciep-verviers\/wp-json\/wp\/v2\/types\/pec-events"}],"author":[{"embeddable":true,"href":"https:\/\/mocliege.be\/ciep-verviers\/wp-json\/wp\/v2\/users\/17"}],"replies":[{"embeddable":true,"href":"https:\/\/mocliege.be\/ciep-verviers\/wp-json\/wp\/v2\/comments?post=1094"}],"wp:attachment":[{"href":"https:\/\/mocliege.be\/ciep-verviers\/wp-json\/wp\/v2\/media?parent=1094"}],"wp:term":[{"taxonomy":"post_tag","embeddable":true,"href":"https:\/\/mocliege.be\/ciep-verviers\/wp-json\/wp\/v2\/tags?post=1094"},{"taxonomy":"pec_events_category","embeddable":true,"href":"https:\/\/mocliege.be\/ciep-verviers\/wp-json\/wp\/v2\/pec_events_category?post=1094"}],"curies":[{"name":"wp","href":"https:\/\/api.w.org\/{rel}","templated":true}]}}

Visioconférence | 1886 | La grande vague de grèves et la naissance du POB

<blockquote class="wp-embedded-content" data-secret="YxB2E4Ndqi"><p><a href="https://mocliege.be/visioconference-1886-la-grande-vague-de-greves-et-la-naissance-du-parti-ouvrier-belge-mardi-22-juin-14h/">Visioconférence | 1886 | La grande vague de grèves et la naissance du Parti Ouvrier Belge | Mardi 22 juin 14h</a></p></blockquote>
<p><iframe class="wp-embedded-content" sandbox="allow-scripts" security="restricted" style="position: absolute; clip: rect(1px, 1px, 1px, 1px);" title="« Visioconférence | 1886 | La grande vague de grèves et la naissance du Parti Ouvrier Belge | Mardi 22 juin 14h » &#8212; MOC Liège" src="https://mocliege.be/visioconference-1886-la-grande-vague-de-greves-et-la-naissance-du-parti-ouvrier-belge-mardi-22-juin-14h/embed/#?secret=YxB2E4Ndqi" data-secret="YxB2E4Ndqi" width="500" height="282" frameborder="0" marginwidth="0" marginheight="0" scrolling="no"></iframe></p>

<!-- This site is optimized with the Yoast SEO plugin v19.14 - https://yoast.com/wordpress/plugins/seo/ -->
<title>Visioconférence | 1886 | La grande vague de grèves et la naissance du POB - Ciep-verviers</title>
<meta name="robots" content="index, follow, max-snippet:-1, max-image-preview:large, max-video-preview:-1" />
<link rel="canonical" href="https://mocliege.be/ciep-verviers/pec-events/visioconference-1886-la-grande-vague-de-greves-et-la-naissance-du-pob/" />
<meta property="og:locale" content="fr_FR" />
<meta property="og:type" content="article" />
<meta property="og:title" content="Visioconférence | 1886 | La grande vague de grèves et la naissance du POB - Ciep-verviers" />
<meta property="og:description" content="Visioconférence | 1886 | La grande vague de grèves et la naissance du Parti Ouvrier [&hellip;]" />
<meta property="og:url" content="https://mocliege.be/ciep-verviers/pec-events/visioconference-1886-la-grande-vague-de-greves-et-la-naissance-du-pob/" />
<meta property="og:site_name" content="Ciep-verviers" />
<meta name="twitter:card" content="summary_large_image" />
<script type="application/ld+json" class="yoast-schema-graph">{"@context":"https://schema.org","@graph":[{"@type":"WebPage","@id":"https://mocliege.be/ciep-verviers/pec-events/visioconference-1886-la-grande-vague-de-greves-et-la-naissance-du-pob/","url":"https://mocliege.be/ciep-verviers/pec-events/visioconference-1886-la-grande-vague-de-greves-et-la-naissance-du-pob/","name":"Visioconférence | 1886 | La grande vague de grèves et la naissance du POB - Ciep-verviers","isPartOf":{"@id":"https://mocliege.be/ciep-verviers/#website"},"datePublished":"2021-06-14T08:23:14+00:00","dateModified":"2021-06-14T08:23:14+00:00","breadcrumb":{"@id":"https://mocliege.be/ciep-verviers/pec-events/visioconference-1886-la-grande-vague-de-greves-et-la-naissance-du-pob/#breadcrumb"},"inLanguage":"fr-FR","potentialAction":[{"@type":"ReadAction","target":["https://mocliege.be/ciep-verviers/pec-events/visioconference-1886-la-grande-vague-de-greves-et-la-naissance-du-pob/"]}]},{"@type":"BreadcrumbList","@id":"https://mocliege.be/ciep-verviers/pec-events/visioconference-1886-la-grande-vague-de-greves-et-la-naissance-du-pob/#breadcrumb","itemListElement":[{"@type":"ListItem","position":1,"name":"Accueil","item":"https://mocliege.be/ciep-verviers/"},{"@type":"ListItem","position":2,"name":"Pro Event Calendar","item":"https://mocliege.be/ciep-verviers/pec-events/"},{"@type":"ListItem","position":3,"name":"Visioconférence | 1886 | La grande vague de grèves et la naissance du POB"}]},{"@type":"WebSite","@id":"https://mocliege.be/ciep-verviers/#website","url":"https://mocliege.be/ciep-verviers/","name":"Ciep-verviers","description":"Un site utilisant Sites du MOC - Liège","potentialAction":[{"@type":"SearchAction","target":{"@type":"EntryPoint","urlTemplate":"https://mocliege.be/ciep-verviers/?s={search_term_string}"},"query-input":"required name=search_term_string"}],"inLanguage":"fr-FR"}]}</script>
<!-- / Yoast SEO plugin. -->

Visioconférence | 1886 | La grande vague de grèves et la naissance du POB - Ciep-verviers

Visioconférence | 1886 | La grande vague de grèves et la naissance du Parti Ouvrier [&hellip;]

Un site utilisant Sites du MOC - Liège
