{"id":308,"date":"2019-07-04T10:20:41","date_gmt":"2019-07-04T08:20:41","guid":{"rendered":"https:\/\/dev.petithanb.be\/moc\/ciep-verviers\/?post_type=pec-events&#038;p=308"},"modified":"2019-07-04T11:05:59","modified_gmt":"2019-07-04T09:05:59","slug":"coucou","status":"publish","type":"pec-events","link":"https:\/\/mocliege.be\/ciep-verviers\/pec-events\/coucou\/","title":{"rendered":"17\/09 &#8211; Club Citoyen &#8211; Club de lecture en transition"},"content":{"rendered":"<p>Si vous aimez lire et avez envie de partager vos d\u00e9couvertes, mais aussi vos pratiques en mati\u00e8re de transition, rejoignez-nous !<\/p>\n<p>C\u2019est en collaboration avec le CIEP que la biblioth\u00e8que vous propose de participer \u00e0 un club de lecture autour des diff\u00e9rentes transitions comme l\u2019\u00e9cologie, l\u2019autosuffisance, le d\u00e9veloppement durable, les \u00e9nergies renouvelables, le commerce \u00e9quitable, la consommation responsable, le z\u00e9ro d\u00e9chet etc., etc.<\/p>\n<p>Les rencontres, \u00e0 l\u2019heure de l\u2019ap\u00e9ro, seront articul\u00e9es principalement autour de lectures et d\u2019\u00e9changes de pratiques. Les nombreuses ressources de la biblioth\u00e8que seront, bien-entendu, mises \u00e0 la disposition des participants.<\/p>\n<p>Lieu: Biblioth\u00e8que de Verviers, Place du March\u00e9 9, 4800 Verviers<\/p>\n<p>Heure: 17h30<\/p>\n<p>Projet en partenariat avec la biblioth\u00e8que de Verviers<\/p>\n<p>&nbsp;<\/p>\n","protected":false},"author":2,"featured_media":0,"comment_status":"open","ping_status":"closed","template":"","tags":[],"pec_events_category":[],"acf":[],"yoast_head":"<!-- This site is optimized with the Yoast SEO plugin v19.14 - https:\/\/yoast.com\/wordpress\/plugins\/seo\/ -->\n<title>17\/09 - Club Citoyen - Club de lecture en transition - Ciep-verviers<\/title>\n<meta name=\"robots\" content=\"index, follow, max-snippet:-1, max-image-preview:large, max-video-preview:-1\" \/>\n<link rel=\"canonical\" href=\"https:\/\/mocliege.be\/ciep-verviers\/pec-events\/coucou\/\" \/>\n<meta property=\"og:locale\" content=\"fr_FR\" \/>\n<meta property=\"og:type\" content=\"article\" \/>\n<meta property=\"og:title\" content=\"17\/09 - Club Citoyen - Club de lecture en transition - Ciep-verviers\" \/>\n<meta property=\"og:description\" content=\"Si vous aimez lire et avez envie de partager vos d\u00e9couvertes, mais aussi vos pratiques [&hellip;]\" \/>\n<meta property=\"og:url\" content=\"https:\/\/mocliege.be\/ciep-verviers\/pec-events\/coucou\/\" \/>\n<meta property=\"og:site_name\" content=\"Ciep-verviers\" \/>\n<meta property=\"article:modified_time\" content=\"2019-07-04T09:05:59+00:00\" \/>\n<meta name=\"twitter:card\" content=\"summary_large_image\" \/>\n<meta name=\"twitter:label1\" content=\"Dur\u00e9e de lecture estim\u00e9e\" \/>\n\t<meta name=\"twitter:data1\" content=\"1 minute\" \/>\n<script type=\"application\/ld+json\" class=\"yoast-schema-graph\">{\"@context\":\"https:\/\/schema.org\",\"@graph\":[{\"@type\":\"WebPage\",\"@id\":\"https:\/\/mocliege.be\/ciep-verviers\/pec-events\/coucou\/\",\"url\":\"https:\/\/mocliege.be\/ciep-verviers\/pec-events\/coucou\/\",\"name\":\"17\/09 - Club Citoyen - Club de lecture en transition - Ciep-verviers\",\"isPartOf\":{\"@id\":\"https:\/\/mocliege.be\/ciep-verviers\/#website\"},\"datePublished\":\"2019-07-04T08:20:41+00:00\",\"dateModified\":\"2019-07-04T09:05:59+00:00\",\"breadcrumb\":{\"@id\":\"https:\/\/mocliege.be\/ciep-verviers\/pec-events\/coucou\/#breadcrumb\"},\"inLanguage\":\"fr-FR\",\"potentialAction\":[{\"@type\":\"ReadAction\",\"target\":[\"https:\/\/mocliege.be\/ciep-verviers\/pec-events\/coucou\/\"]}]},{\"@type\":\"BreadcrumbList\",\"@id\":\"https:\/\/mocliege.be\/ciep-verviers\/pec-events\/coucou\/#breadcrumb\",\"itemListElement\":[{\"@type\":\"ListItem\",\"position\":1,\"name\":\"Accueil\",\"item\":\"https:\/\/mocliege.be\/ciep-verviers\/\"},{\"@type\":\"ListItem\",\"position\":2,\"name\":\"Pro Event Calendar\",\"item\":\"https:\/\/mocliege.be\/ciep-verviers\/pec-events\/\"},{\"@type\":\"ListItem\",\"position\":3,\"name\":\"17\/09 &#8211; Club Citoyen &#8211; Club de lecture en transition\"}]},{\"@type\":\"WebSite\",\"@id\":\"https:\/\/mocliege.be\/ciep-verviers\/#website\",\"url\":\"https:\/\/mocliege.be\/ciep-verviers\/\",\"name\":\"Ciep-verviers\",\"description\":\"Un site utilisant Sites du MOC - Li\u00e8ge\",\"potentialAction\":[{\"@type\":\"SearchAction\",\"target\":{\"@type\":\"EntryPoint\",\"urlTemplate\":\"https:\/\/mocliege.be\/ciep-verviers\/?s={search_term_string}\"},\"query-input\":\"required name=search_term_string\"}],\"inLanguage\":\"fr-FR\"}]}<\/script>\n<!-- \/ Yoast SEO plugin. -->","yoast_head_json":{"title":"17\/09 - Club Citoyen - Club de lecture en transition - Ciep-verviers","robots":{"index":"index","follow":"follow","max-snippet":"max-snippet:-1","max-image-preview":"max-image-preview:large","max-video-preview":"max-video-preview:-1"},"canonical":"https:\/\/mocliege.be\/ciep-verviers\/pec-events\/coucou\/","og_locale":"fr_FR","og_type":"article","og_title":"17\/09 - Club Citoyen - Club de lecture en transition - Ciep-verviers","og_description":"Si vous aimez lire et avez envie de partager vos d\u00e9couvertes, mais aussi vos pratiques [&hellip;]","og_url":"https:\/\/mocliege.be\/ciep-verviers\/pec-events\/coucou\/","og_site_name":"Ciep-verviers","article_modified_time":"2019-07-04T09:05:59+00:00","twitter_card":"summary_large_image","twitter_misc":{"Dur\u00e9e de lecture estim\u00e9e":"1 minute"},"schema":{"@context":"https:\/\/schema.org","@graph":[{"@type":"WebPage","@id":"https:\/\/mocliege.be\/ciep-verviers\/pec-events\/coucou\/","url":"https:\/\/mocliege.be\/ciep-verviers\/pec-events\/coucou\/","name":"17\/09 - Club Citoyen - Club de lecture en transition - Ciep-verviers","isPartOf":{"@id":"https:\/\/mocliege.be\/ciep-verviers\/#website"},"datePublished":"2019-07-04T08:20:41+00:00","dateModified":"2019-07-04T09:05:59+00:00","breadcrumb":{"@id":"https:\/\/mocliege.be\/ciep-verviers\/pec-events\/coucou\/#breadcrumb"},"inLanguage":"fr-FR","potentialAction":[{"@type":"ReadAction","target":["https:\/\/mocliege.be\/ciep-verviers\/pec-events\/coucou\/"]}]},{"@type":"BreadcrumbList","@id":"https:\/\/mocliege.be\/ciep-verviers\/pec-events\/coucou\/#breadcrumb","itemListElement":[{"@type":"ListItem","position":1,"name":"Accueil","item":"https:\/\/mocliege.be\/ciep-verviers\/"},{"@type":"ListItem","position":2,"name":"Pro Event Calendar","item":"https:\/\/mocliege.be\/ciep-verviers\/pec-events\/"},{"@type":"ListItem","position":3,"name":"17\/09 &#8211; Club Citoyen &#8211; Club de lecture en transition"}]},{"@type":"WebSite","@id":"https:\/\/mocliege.be\/ciep-verviers\/#website","url":"https:\/\/mocliege.be\/ciep-verviers\/","name":"Ciep-verviers","description":"Un site utilisant Sites du MOC - Li\u00e8ge","potentialAction":[{"@type":"SearchAction","target":{"@type":"EntryPoint","urlTemplate":"https:\/\/mocliege.be\/ciep-verviers\/?s={search_term_string}"},"query-input":"required name=search_term_string"}],"inLanguage":"fr-FR"}]}},"pec_date":"2019-09-17 17:30:00","pec_venue_map_lnlat":"","pec_featured_image":"","pec_id_calendar":"1","pec_featured_event":"","pec_all_day":"","pec_tbc":"","pec_daily_working_days":"","pec_daily_every":"1","pec_weekly_every":"1","pec_weekly_day":"","pec_monthly_every":"1","pec_monthly_position":"","pec_monthly_day":"","pec_exceptions":"","pec_extra_dates":"","pec_end_date":"","pec_link":"","pec_age_range":"","pec_map":"","pec_end_time_hh":"19","pec_end_time_mm":"30","pec_hide_time":"","pec_organizer":"","pec_phone":"","pec_recurring_frecuency":"0","pec_location":"","_links":{"self":[{"href":"https:\/\/mocliege.be\/ciep-verviers\/wp-json\/wp\/v2\/pec-events\/308"}],"collection":[{"href":"https:\/\/mocliege.be\/ciep-verviers\/wp-json\/wp\/v2\/pec-events"}],"about":[{"href":"https:\/\/mocliege.be\/ciep-verviers\/wp-json\/wp\/v2\/types\/pec-events"}],"author":[{"embeddable":true,"href":"https:\/\/mocliege.be\/ciep-verviers\/wp-json\/wp\/v2\/users\/2"}],"replies":[{"embeddable":true,"href":"https:\/\/mocliege.be\/ciep-verviers\/wp-json\/wp\/v2\/comments?post=308"}],"wp:attachment":[{"href":"https:\/\/mocliege.be\/ciep-verviers\/wp-json\/wp\/v2\/media?parent=308"}],"wp:term":[{"taxonomy":"post_tag","embeddable":true,"href":"https:\/\/mocliege.be\/ciep-verviers\/wp-json\/wp\/v2\/tags?post=308"},{"taxonomy":"pec_events_category","embeddable":true,"href":"https:\/\/mocliege.be\/ciep-verviers\/wp-json\/wp\/v2\/pec_events_category?post=308"}],"curies":[{"name":"wp","href":"https:\/\/api.w.org\/{rel}","templated":true}]}}

<p>Si vous aimez lire et avez envie de partager vos découvertes, mais aussi vos pratiques en matière de transition, rejoignez-nous !</p>
<p>C’est en collaboration avec le CIEP que la bibliothèque vous propose de participer à un club de lecture autour des différentes transitions comme l’écologie, l’autosuffisance, le développement durable, les énergies renouvelables, le commerce équitable, la consommation responsable, le zéro déchet etc., etc.</p>
<p>Les rencontres, à l’heure de l’apéro, seront articulées principalement autour de lectures et d’échanges de pratiques. Les nombreuses ressources de la bibliothèque seront, bien-entendu, mises à la disposition des participants.</p>
<p>Lieu: Bibliothèque de Verviers, Place du Marché 9, 4800 Verviers</p>
<p>Heure: 17h30</p>
<p>Projet en partenariat avec la bibliothèque de Verviers</p>
<p>&nbsp;</p>

<!-- This site is optimized with the Yoast SEO plugin v19.14 - https://yoast.com/wordpress/plugins/seo/ -->
<title>17/09 - Club Citoyen - Club de lecture en transition - Ciep-verviers</title>
<meta name="robots" content="index, follow, max-snippet:-1, max-image-preview:large, max-video-preview:-1" />
<link rel="canonical" href="https://mocliege.be/ciep-verviers/pec-events/coucou/" />
<meta property="og:locale" content="fr_FR" />
<meta property="og:type" content="article" />
<meta property="og:title" content="17/09 - Club Citoyen - Club de lecture en transition - Ciep-verviers" />
<meta property="og:description" content="Si vous aimez lire et avez envie de partager vos découvertes, mais aussi vos pratiques [&hellip;]" />
<meta property="og:url" content="https://mocliege.be/ciep-verviers/pec-events/coucou/" />
<meta property="og:site_name" content="Ciep-verviers" />
<meta property="article:modified_time" content="2019-07-04T09:05:59+00:00" />
<meta name="twitter:card" content="summary_large_image" />
<meta name="twitter:label1" content="Durée de lecture estimée" />
	<meta name="twitter:data1" content="1 minute" />
<script type="application/ld+json" class="yoast-schema-graph">{"@context":"https://schema.org","@graph":[{"@type":"WebPage","@id":"https://mocliege.be/ciep-verviers/pec-events/coucou/","url":"https://mocliege.be/ciep-verviers/pec-events/coucou/","name":"17/09 - Club Citoyen - Club de lecture en transition - Ciep-verviers","isPartOf":{"@id":"https://mocliege.be/ciep-verviers/#website"},"datePublished":"2019-07-04T08:20:41+00:00","dateModified":"2019-07-04T09:05:59+00:00","breadcrumb":{"@id":"https://mocliege.be/ciep-verviers/pec-events/coucou/#breadcrumb"},"inLanguage":"fr-FR","potentialAction":[{"@type":"ReadAction","target":["https://mocliege.be/ciep-verviers/pec-events/coucou/"]}]},{"@type":"BreadcrumbList","@id":"https://mocliege.be/ciep-verviers/pec-events/coucou/#breadcrumb","itemListElement":[{"@type":"ListItem","position":1,"name":"Accueil","item":"https://mocliege.be/ciep-verviers/"},{"@type":"ListItem","position":2,"name":"Pro Event Calendar","item":"https://mocliege.be/ciep-verviers/pec-events/"},{"@type":"ListItem","position":3,"name":"17/09 &#8211; Club Citoyen &#8211; Club de lecture en transition"}]},{"@type":"WebSite","@id":"https://mocliege.be/ciep-verviers/#website","url":"https://mocliege.be/ciep-verviers/","name":"Ciep-verviers","description":"Un site utilisant Sites du MOC - Liège","potentialAction":[{"@type":"SearchAction","target":{"@type":"EntryPoint","urlTemplate":"https://mocliege.be/ciep-verviers/?s={search_term_string}"},"query-input":"required name=search_term_string"}],"inLanguage":"fr-FR"}]}</script>
<!-- / Yoast SEO plugin. -->

Si vous aimez lire et avez envie de partager vos découvertes, mais aussi vos pratiques [&hellip;]

Un site utilisant Sites du MOC - Liège
