{"id":401,"date":"2019-09-10T15:19:00","date_gmt":"2019-09-10T13:19:00","guid":{"rendered":"https:\/\/mocliege.be\/ciep-verviers\/?post_type=pec-events&#038;p=401"},"modified":"2019-09-10T15:24:52","modified_gmt":"2019-09-10T13:24:52","slug":"porteur-de-paroles","status":"publish","type":"pec-events","link":"https:\/\/mocliege.be\/ciep-verviers\/pec-events\/porteur-de-paroles\/","title":{"rendered":"Porteur de paroles"},"content":{"rendered":"<h2><strong>\u00ab\u00a0Porteur de Paroles\u00a0\u00bb,\u00a0<em>qu\u00e8saco<\/em>\u00a0?<\/strong><\/h2>\n<p>La m\u00e9thode, cr\u00e9\u00e9e par l\u2019association fran\u00e7aise \u00ab\u00a0Mati\u00e8re Prise\u00a0\u00bb, vise \u00e0 r\u00e9unir des avis de passants sur un th\u00e8me d\u00e9termin\u00e9 pr\u00e9alablement.<br \/>\nInstall\u00e9e dans un endroit fr\u00e9quent\u00e9, l\u2019\u00e9quipe met en place des\u00a0<strong>panneaux color\u00e9s, attractifs<\/strong>, reprenant la question dont elle souhaite traiter.\u00a0<strong>Les passants sont libres de r\u00e9agir\u2026 ou pas !<\/strong><br \/>\nA la fin de la discussion l\u2019animateur synth\u00e9tise, en collaboration avec le citoyen, les propos de ce dernier pour les afficher.<\/p>\n<p>Durant le mois de septembre, chaque mercredi, les animateurs du CIEP de Verviers utiliseront cette m\u00e9thode\u00a0 sur la Place Verte \u00e0 Verviers afin que l&rsquo;espace public redevienne un espace citoyen o\u00f9 les personnes peuvent exprimer leur point de vue.<\/p>\n","protected":false},"author":5,"featured_media":0,"comment_status":"open","ping_status":"closed","template":"","tags":[],"pec_events_category":[],"acf":[],"yoast_head":"<!-- This site is optimized with the Yoast SEO plugin v19.14 - https:\/\/yoast.com\/wordpress\/plugins\/seo\/ -->\n<title>Porteur de paroles - Ciep-verviers<\/title>\n<meta name=\"robots\" content=\"index, follow, max-snippet:-1, max-image-preview:large, max-video-preview:-1\" \/>\n<link rel=\"canonical\" href=\"https:\/\/mocliege.be\/ciep-verviers\/pec-events\/porteur-de-paroles\/\" \/>\n<meta property=\"og:locale\" content=\"fr_FR\" \/>\n<meta property=\"og:type\" content=\"article\" \/>\n<meta property=\"og:title\" content=\"Porteur de paroles - Ciep-verviers\" \/>\n<meta property=\"og:description\" content=\"\u00ab\u00a0Porteur de Paroles\u00a0\u00bb,\u00a0qu\u00e8saco\u00a0? La m\u00e9thode, cr\u00e9\u00e9e par l\u2019association fran\u00e7aise \u00ab\u00a0Mati\u00e8re Prise\u00a0\u00bb, vise \u00e0 r\u00e9unir des [&hellip;]\" \/>\n<meta property=\"og:url\" content=\"https:\/\/mocliege.be\/ciep-verviers\/pec-events\/porteur-de-paroles\/\" \/>\n<meta property=\"og:site_name\" content=\"Ciep-verviers\" \/>\n<meta property=\"article:modified_time\" content=\"2019-09-10T13:24:52+00:00\" \/>\n<meta name=\"twitter:card\" content=\"summary_large_image\" \/>\n<meta name=\"twitter:label1\" content=\"Dur\u00e9e de lecture estim\u00e9e\" \/>\n\t<meta name=\"twitter:data1\" content=\"1 minute\" \/>\n<script type=\"application\/ld+json\" class=\"yoast-schema-graph\">{\"@context\":\"https:\/\/schema.org\",\"@graph\":[{\"@type\":\"WebPage\",\"@id\":\"https:\/\/mocliege.be\/ciep-verviers\/pec-events\/porteur-de-paroles\/\",\"url\":\"https:\/\/mocliege.be\/ciep-verviers\/pec-events\/porteur-de-paroles\/\",\"name\":\"Porteur de paroles - Ciep-verviers\",\"isPartOf\":{\"@id\":\"https:\/\/mocliege.be\/ciep-verviers\/#website\"},\"datePublished\":\"2019-09-10T13:19:00+00:00\",\"dateModified\":\"2019-09-10T13:24:52+00:00\",\"breadcrumb\":{\"@id\":\"https:\/\/mocliege.be\/ciep-verviers\/pec-events\/porteur-de-paroles\/#breadcrumb\"},\"inLanguage\":\"fr-FR\",\"potentialAction\":[{\"@type\":\"ReadAction\",\"target\":[\"https:\/\/mocliege.be\/ciep-verviers\/pec-events\/porteur-de-paroles\/\"]}]},{\"@type\":\"BreadcrumbList\",\"@id\":\"https:\/\/mocliege.be\/ciep-verviers\/pec-events\/porteur-de-paroles\/#breadcrumb\",\"itemListElement\":[{\"@type\":\"ListItem\",\"position\":1,\"name\":\"Accueil\",\"item\":\"https:\/\/mocliege.be\/ciep-verviers\/\"},{\"@type\":\"ListItem\",\"position\":2,\"name\":\"Pro Event Calendar\",\"item\":\"https:\/\/mocliege.be\/ciep-verviers\/pec-events\/\"},{\"@type\":\"ListItem\",\"position\":3,\"name\":\"Porteur de paroles\"}]},{\"@type\":\"WebSite\",\"@id\":\"https:\/\/mocliege.be\/ciep-verviers\/#website\",\"url\":\"https:\/\/mocliege.be\/ciep-verviers\/\",\"name\":\"Ciep-verviers\",\"description\":\"Un site utilisant Sites du MOC - Li\u00e8ge\",\"potentialAction\":[{\"@type\":\"SearchAction\",\"target\":{\"@type\":\"EntryPoint\",\"urlTemplate\":\"https:\/\/mocliege.be\/ciep-verviers\/?s={search_term_string}\"},\"query-input\":\"required name=search_term_string\"}],\"inLanguage\":\"fr-FR\"}]}<\/script>\n<!-- \/ Yoast SEO plugin. -->","yoast_head_json":{"title":"Porteur de paroles - Ciep-verviers","robots":{"index":"index","follow":"follow","max-snippet":"max-snippet:-1","max-image-preview":"max-image-preview:large","max-video-preview":"max-video-preview:-1"},"canonical":"https:\/\/mocliege.be\/ciep-verviers\/pec-events\/porteur-de-paroles\/","og_locale":"fr_FR","og_type":"article","og_title":"Porteur de paroles - Ciep-verviers","og_description":"\u00ab\u00a0Porteur de Paroles\u00a0\u00bb,\u00a0qu\u00e8saco\u00a0? La m\u00e9thode, cr\u00e9\u00e9e par l\u2019association fran\u00e7aise \u00ab\u00a0Mati\u00e8re Prise\u00a0\u00bb, vise \u00e0 r\u00e9unir des [&hellip;]","og_url":"https:\/\/mocliege.be\/ciep-verviers\/pec-events\/porteur-de-paroles\/","og_site_name":"Ciep-verviers","article_modified_time":"2019-09-10T13:24:52+00:00","twitter_card":"summary_large_image","twitter_misc":{"Dur\u00e9e de lecture estim\u00e9e":"1 minute"},"schema":{"@context":"https:\/\/schema.org","@graph":[{"@type":"WebPage","@id":"https:\/\/mocliege.be\/ciep-verviers\/pec-events\/porteur-de-paroles\/","url":"https:\/\/mocliege.be\/ciep-verviers\/pec-events\/porteur-de-paroles\/","name":"Porteur de paroles - Ciep-verviers","isPartOf":{"@id":"https:\/\/mocliege.be\/ciep-verviers\/#website"},"datePublished":"2019-09-10T13:19:00+00:00","dateModified":"2019-09-10T13:24:52+00:00","breadcrumb":{"@id":"https:\/\/mocliege.be\/ciep-verviers\/pec-events\/porteur-de-paroles\/#breadcrumb"},"inLanguage":"fr-FR","potentialAction":[{"@type":"ReadAction","target":["https:\/\/mocliege.be\/ciep-verviers\/pec-events\/porteur-de-paroles\/"]}]},{"@type":"BreadcrumbList","@id":"https:\/\/mocliege.be\/ciep-verviers\/pec-events\/porteur-de-paroles\/#breadcrumb","itemListElement":[{"@type":"ListItem","position":1,"name":"Accueil","item":"https:\/\/mocliege.be\/ciep-verviers\/"},{"@type":"ListItem","position":2,"name":"Pro Event Calendar","item":"https:\/\/mocliege.be\/ciep-verviers\/pec-events\/"},{"@type":"ListItem","position":3,"name":"Porteur de paroles"}]},{"@type":"WebSite","@id":"https:\/\/mocliege.be\/ciep-verviers\/#website","url":"https:\/\/mocliege.be\/ciep-verviers\/","name":"Ciep-verviers","description":"Un site utilisant Sites du MOC - Li\u00e8ge","potentialAction":[{"@type":"SearchAction","target":{"@type":"EntryPoint","urlTemplate":"https:\/\/mocliege.be\/ciep-verviers\/?s={search_term_string}"},"query-input":"required name=search_term_string"}],"inLanguage":"fr-FR"}]}},"pec_date":"2019-09-01 12:30:00","pec_venue_map_lnlat":"","pec_featured_image":"","pec_id_calendar":"1","pec_featured_event":"","pec_all_day":"","pec_tbc":"","pec_daily_working_days":"","pec_daily_every":"1","pec_weekly_every":"1","pec_weekly_day":["3"],"pec_monthly_every":"1","pec_monthly_position":"","pec_monthly_day":"","pec_exceptions":"","pec_extra_dates":"","pec_end_date":"2019-09-26","pec_link":"","pec_age_range":"","pec_map":"","pec_end_time_hh":"15","pec_end_time_mm":"30","pec_hide_time":"","pec_organizer":"","pec_phone":"","pec_recurring_frecuency":"2","pec_location":"","_links":{"self":[{"href":"https:\/\/mocliege.be\/ciep-verviers\/wp-json\/wp\/v2\/pec-events\/401"}],"collection":[{"href":"https:\/\/mocliege.be\/ciep-verviers\/wp-json\/wp\/v2\/pec-events"}],"about":[{"href":"https:\/\/mocliege.be\/ciep-verviers\/wp-json\/wp\/v2\/types\/pec-events"}],"author":[{"embeddable":true,"href":"https:\/\/mocliege.be\/ciep-verviers\/wp-json\/wp\/v2\/users\/5"}],"replies":[{"embeddable":true,"href":"https:\/\/mocliege.be\/ciep-verviers\/wp-json\/wp\/v2\/comments?post=401"}],"wp:attachment":[{"href":"https:\/\/mocliege.be\/ciep-verviers\/wp-json\/wp\/v2\/media?parent=401"}],"wp:term":[{"taxonomy":"post_tag","embeddable":true,"href":"https:\/\/mocliege.be\/ciep-verviers\/wp-json\/wp\/v2\/tags?post=401"},{"taxonomy":"pec_events_category","embeddable":true,"href":"https:\/\/mocliege.be\/ciep-verviers\/wp-json\/wp\/v2\/pec_events_category?post=401"}],"curies":[{"name":"wp","href":"https:\/\/api.w.org\/{rel}","templated":true}]}}

<h2><strong>« Porteur de Paroles », <em>quèsaco</em> ?</strong></h2>
<p>La méthode, créée par l’association française « Matière Prise », vise à réunir des avis de passants sur un thème déterminé préalablement.<br />
Installée dans un endroit fréquenté, l’équipe met en place des <strong>panneaux colorés, attractifs</strong>, reprenant la question dont elle souhaite traiter. <strong>Les passants sont libres de réagir… ou pas !</strong><br />
A la fin de la discussion l’animateur synthétise, en collaboration avec le citoyen, les propos de ce dernier pour les afficher.</p>
<p>Durant le mois de septembre, chaque mercredi, les animateurs du CIEP de Verviers utiliseront cette méthode  sur la Place Verte à Verviers afin que l&rsquo;espace public redevienne un espace citoyen où les personnes peuvent exprimer leur point de vue.</p>

<!-- This site is optimized with the Yoast SEO plugin v19.14 - https://yoast.com/wordpress/plugins/seo/ -->
<title>Porteur de paroles - Ciep-verviers</title>
<meta name="robots" content="index, follow, max-snippet:-1, max-image-preview:large, max-video-preview:-1" />
<link rel="canonical" href="https://mocliege.be/ciep-verviers/pec-events/porteur-de-paroles/" />
<meta property="og:locale" content="fr_FR" />
<meta property="og:type" content="article" />
<meta property="og:title" content="Porteur de paroles - Ciep-verviers" />
<meta property="og:description" content="« Porteur de Paroles », quèsaco ? La méthode, créée par l’association française « Matière Prise », vise à réunir des [&hellip;]" />
<meta property="og:url" content="https://mocliege.be/ciep-verviers/pec-events/porteur-de-paroles/" />
<meta property="og:site_name" content="Ciep-verviers" />
<meta property="article:modified_time" content="2019-09-10T13:24:52+00:00" />
<meta name="twitter:card" content="summary_large_image" />
<meta name="twitter:label1" content="Durée de lecture estimée" />
	<meta name="twitter:data1" content="1 minute" />
<script type="application/ld+json" class="yoast-schema-graph">{"@context":"https://schema.org","@graph":[{"@type":"WebPage","@id":"https://mocliege.be/ciep-verviers/pec-events/porteur-de-paroles/","url":"https://mocliege.be/ciep-verviers/pec-events/porteur-de-paroles/","name":"Porteur de paroles - Ciep-verviers","isPartOf":{"@id":"https://mocliege.be/ciep-verviers/#website"},"datePublished":"2019-09-10T13:19:00+00:00","dateModified":"2019-09-10T13:24:52+00:00","breadcrumb":{"@id":"https://mocliege.be/ciep-verviers/pec-events/porteur-de-paroles/#breadcrumb"},"inLanguage":"fr-FR","potentialAction":[{"@type":"ReadAction","target":["https://mocliege.be/ciep-verviers/pec-events/porteur-de-paroles/"]}]},{"@type":"BreadcrumbList","@id":"https://mocliege.be/ciep-verviers/pec-events/porteur-de-paroles/#breadcrumb","itemListElement":[{"@type":"ListItem","position":1,"name":"Accueil","item":"https://mocliege.be/ciep-verviers/"},{"@type":"ListItem","position":2,"name":"Pro Event Calendar","item":"https://mocliege.be/ciep-verviers/pec-events/"},{"@type":"ListItem","position":3,"name":"Porteur de paroles"}]},{"@type":"WebSite","@id":"https://mocliege.be/ciep-verviers/#website","url":"https://mocliege.be/ciep-verviers/","name":"Ciep-verviers","description":"Un site utilisant Sites du MOC - Liège","potentialAction":[{"@type":"SearchAction","target":{"@type":"EntryPoint","urlTemplate":"https://mocliege.be/ciep-verviers/?s={search_term_string}"},"query-input":"required name=search_term_string"}],"inLanguage":"fr-FR"}]}</script>
<!-- / Yoast SEO plugin. -->

« Porteur de Paroles », quèsaco ? La méthode, créée par l’association française « Matière Prise », vise à réunir des [&hellip;]

Un site utilisant Sites du MOC - Liège
