{"id":443,"date":"2019-09-17T11:25:14","date_gmt":"2019-09-17T09:25:14","guid":{"rendered":"https:\/\/mocliege.be\/ciep-verviers\/?post_type=pec-events&#038;p=443"},"modified":"2019-09-17T11:26:13","modified_gmt":"2019-09-17T09:26:13","slug":"verviers-reunion-du-groupe-des-aines","status":"publish","type":"pec-events","link":"https:\/\/mocliege.be\/ciep-verviers\/pec-events\/verviers-reunion-du-groupe-des-aines\/","title":{"rendered":"Verviers &#8211; R\u00e9union du groupe des a\u00een\u00e9s"},"content":{"rendered":"<p style=\"text-align: center\" align=\"center\"><span style=\"color: #00b050\"><span style=\"font-size: large\"><span lang=\"fr-FR\"><b>Mardi 24 septembre 2019 \u00e0 9h30<br \/>\nMOC Verviers, rue du Palais 25 \u00e0 Verviers<\/b><\/span><\/span><\/span><\/p>\n<p><strong>Trop vieux pour donner votre avis ? FAUX !<\/strong><br \/>\n&#8211; Vous avez 55 ans et + ?<br \/>\n&#8211; Vous \u00eates interpell\u00e9 par les besoins des ain\u00e9s et la mani\u00e8re dont votre commune y r\u00e9pond ?<br \/>\n&#8211; Vous avez une expertise du quotidien, des avis \u00e0 partager en mati\u00e8re de bien-\u00eatre des seniors ?<br \/>\n&#8211; Vous souhaitez \u00e9changer vos points de vue &#8230; et vous faire entendre des nouvelles autorit\u00e9s<br \/>\ncommunales ?<\/p>\n<p><strong>Rejoignez le groupe des a\u00een\u00e9s de Verviers ! N&rsquo;h\u00e9sitez pas \u00e0 nous contacter pour venir \u00e0 la r\u00e9union du mardi 24 septembre 2019\u00a0<\/strong><\/p>\n<p>Information et inscription: secretariat@mocverviers.be<\/p>\n<p align=\"justify\"><span style=\"color: #222222\"><span style=\"font-size: medium\">T\u00e9l\u00e9phone: 087\/33.77.07<\/span><\/span><\/p>\n","protected":false},"author":5,"featured_media":0,"comment_status":"open","ping_status":"closed","template":"","tags":[],"pec_events_category":[],"acf":[],"yoast_head":"<!-- This site is optimized with the Yoast SEO plugin v19.14 - https:\/\/yoast.com\/wordpress\/plugins\/seo\/ -->\n<title>Verviers - R\u00e9union du groupe des a\u00een\u00e9s - Ciep-verviers<\/title>\n<meta name=\"robots\" content=\"index, follow, max-snippet:-1, max-image-preview:large, max-video-preview:-1\" \/>\n<link rel=\"canonical\" href=\"https:\/\/mocliege.be\/ciep-verviers\/pec-events\/verviers-reunion-du-groupe-des-aines\/\" \/>\n<meta property=\"og:locale\" content=\"fr_FR\" \/>\n<meta property=\"og:type\" content=\"article\" \/>\n<meta property=\"og:title\" content=\"Verviers - R\u00e9union du groupe des a\u00een\u00e9s - Ciep-verviers\" \/>\n<meta property=\"og:description\" content=\"Mardi 24 septembre 2019 \u00e0 9h30 MOC Verviers, rue du Palais 25 \u00e0 Verviers Trop [&hellip;]\" \/>\n<meta property=\"og:url\" content=\"https:\/\/mocliege.be\/ciep-verviers\/pec-events\/verviers-reunion-du-groupe-des-aines\/\" \/>\n<meta property=\"og:site_name\" content=\"Ciep-verviers\" \/>\n<meta property=\"article:modified_time\" content=\"2019-09-17T09:26:13+00:00\" \/>\n<meta name=\"twitter:card\" content=\"summary_large_image\" \/>\n<meta name=\"twitter:label1\" content=\"Dur\u00e9e de lecture estim\u00e9e\" \/>\n\t<meta name=\"twitter:data1\" content=\"1 minute\" \/>\n<script type=\"application\/ld+json\" class=\"yoast-schema-graph\">{\"@context\":\"https:\/\/schema.org\",\"@graph\":[{\"@type\":\"WebPage\",\"@id\":\"https:\/\/mocliege.be\/ciep-verviers\/pec-events\/verviers-reunion-du-groupe-des-aines\/\",\"url\":\"https:\/\/mocliege.be\/ciep-verviers\/pec-events\/verviers-reunion-du-groupe-des-aines\/\",\"name\":\"Verviers - R\u00e9union du groupe des a\u00een\u00e9s - Ciep-verviers\",\"isPartOf\":{\"@id\":\"https:\/\/mocliege.be\/ciep-verviers\/#website\"},\"datePublished\":\"2019-09-17T09:25:14+00:00\",\"dateModified\":\"2019-09-17T09:26:13+00:00\",\"breadcrumb\":{\"@id\":\"https:\/\/mocliege.be\/ciep-verviers\/pec-events\/verviers-reunion-du-groupe-des-aines\/#breadcrumb\"},\"inLanguage\":\"fr-FR\",\"potentialAction\":[{\"@type\":\"ReadAction\",\"target\":[\"https:\/\/mocliege.be\/ciep-verviers\/pec-events\/verviers-reunion-du-groupe-des-aines\/\"]}]},{\"@type\":\"BreadcrumbList\",\"@id\":\"https:\/\/mocliege.be\/ciep-verviers\/pec-events\/verviers-reunion-du-groupe-des-aines\/#breadcrumb\",\"itemListElement\":[{\"@type\":\"ListItem\",\"position\":1,\"name\":\"Accueil\",\"item\":\"https:\/\/mocliege.be\/ciep-verviers\/\"},{\"@type\":\"ListItem\",\"position\":2,\"name\":\"Pro Event Calendar\",\"item\":\"https:\/\/mocliege.be\/ciep-verviers\/pec-events\/\"},{\"@type\":\"ListItem\",\"position\":3,\"name\":\"Verviers &#8211; R\u00e9union du groupe des a\u00een\u00e9s\"}]},{\"@type\":\"WebSite\",\"@id\":\"https:\/\/mocliege.be\/ciep-verviers\/#website\",\"url\":\"https:\/\/mocliege.be\/ciep-verviers\/\",\"name\":\"Ciep-verviers\",\"description\":\"Un site utilisant Sites du MOC - Li\u00e8ge\",\"potentialAction\":[{\"@type\":\"SearchAction\",\"target\":{\"@type\":\"EntryPoint\",\"urlTemplate\":\"https:\/\/mocliege.be\/ciep-verviers\/?s={search_term_string}\"},\"query-input\":\"required name=search_term_string\"}],\"inLanguage\":\"fr-FR\"}]}<\/script>\n<!-- \/ Yoast SEO plugin. -->","yoast_head_json":{"title":"Verviers - R\u00e9union du groupe des a\u00een\u00e9s - Ciep-verviers","robots":{"index":"index","follow":"follow","max-snippet":"max-snippet:-1","max-image-preview":"max-image-preview:large","max-video-preview":"max-video-preview:-1"},"canonical":"https:\/\/mocliege.be\/ciep-verviers\/pec-events\/verviers-reunion-du-groupe-des-aines\/","og_locale":"fr_FR","og_type":"article","og_title":"Verviers - R\u00e9union du groupe des a\u00een\u00e9s - Ciep-verviers","og_description":"Mardi 24 septembre 2019 \u00e0 9h30 MOC Verviers, rue du Palais 25 \u00e0 Verviers Trop [&hellip;]","og_url":"https:\/\/mocliege.be\/ciep-verviers\/pec-events\/verviers-reunion-du-groupe-des-aines\/","og_site_name":"Ciep-verviers","article_modified_time":"2019-09-17T09:26:13+00:00","twitter_card":"summary_large_image","twitter_misc":{"Dur\u00e9e de lecture estim\u00e9e":"1 minute"},"schema":{"@context":"https:\/\/schema.org","@graph":[{"@type":"WebPage","@id":"https:\/\/mocliege.be\/ciep-verviers\/pec-events\/verviers-reunion-du-groupe-des-aines\/","url":"https:\/\/mocliege.be\/ciep-verviers\/pec-events\/verviers-reunion-du-groupe-des-aines\/","name":"Verviers - R\u00e9union du groupe des a\u00een\u00e9s - Ciep-verviers","isPartOf":{"@id":"https:\/\/mocliege.be\/ciep-verviers\/#website"},"datePublished":"2019-09-17T09:25:14+00:00","dateModified":"2019-09-17T09:26:13+00:00","breadcrumb":{"@id":"https:\/\/mocliege.be\/ciep-verviers\/pec-events\/verviers-reunion-du-groupe-des-aines\/#breadcrumb"},"inLanguage":"fr-FR","potentialAction":[{"@type":"ReadAction","target":["https:\/\/mocliege.be\/ciep-verviers\/pec-events\/verviers-reunion-du-groupe-des-aines\/"]}]},{"@type":"BreadcrumbList","@id":"https:\/\/mocliege.be\/ciep-verviers\/pec-events\/verviers-reunion-du-groupe-des-aines\/#breadcrumb","itemListElement":[{"@type":"ListItem","position":1,"name":"Accueil","item":"https:\/\/mocliege.be\/ciep-verviers\/"},{"@type":"ListItem","position":2,"name":"Pro Event Calendar","item":"https:\/\/mocliege.be\/ciep-verviers\/pec-events\/"},{"@type":"ListItem","position":3,"name":"Verviers &#8211; R\u00e9union du groupe des a\u00een\u00e9s"}]},{"@type":"WebSite","@id":"https:\/\/mocliege.be\/ciep-verviers\/#website","url":"https:\/\/mocliege.be\/ciep-verviers\/","name":"Ciep-verviers","description":"Un site utilisant Sites du MOC - Li\u00e8ge","potentialAction":[{"@type":"SearchAction","target":{"@type":"EntryPoint","urlTemplate":"https:\/\/mocliege.be\/ciep-verviers\/?s={search_term_string}"},"query-input":"required name=search_term_string"}],"inLanguage":"fr-FR"}]}},"pec_date":"2019-09-24 09:30:00","pec_venue_map_lnlat":"","pec_featured_image":"","pec_id_calendar":"1","pec_featured_event":"","pec_all_day":"","pec_tbc":"","pec_daily_working_days":"","pec_daily_every":"1","pec_weekly_every":"1","pec_weekly_day":"","pec_monthly_every":"1","pec_monthly_position":"","pec_monthly_day":"","pec_exceptions":"","pec_extra_dates":"","pec_end_date":"","pec_link":"","pec_age_range":"","pec_map":"","pec_end_time_hh":"","pec_end_time_mm":"","pec_hide_time":"","pec_organizer":"","pec_phone":"","pec_recurring_frecuency":"0","pec_location":"","_links":{"self":[{"href":"https:\/\/mocliege.be\/ciep-verviers\/wp-json\/wp\/v2\/pec-events\/443"}],"collection":[{"href":"https:\/\/mocliege.be\/ciep-verviers\/wp-json\/wp\/v2\/pec-events"}],"about":[{"href":"https:\/\/mocliege.be\/ciep-verviers\/wp-json\/wp\/v2\/types\/pec-events"}],"author":[{"embeddable":true,"href":"https:\/\/mocliege.be\/ciep-verviers\/wp-json\/wp\/v2\/users\/5"}],"replies":[{"embeddable":true,"href":"https:\/\/mocliege.be\/ciep-verviers\/wp-json\/wp\/v2\/comments?post=443"}],"wp:attachment":[{"href":"https:\/\/mocliege.be\/ciep-verviers\/wp-json\/wp\/v2\/media?parent=443"}],"wp:term":[{"taxonomy":"post_tag","embeddable":true,"href":"https:\/\/mocliege.be\/ciep-verviers\/wp-json\/wp\/v2\/tags?post=443"},{"taxonomy":"pec_events_category","embeddable":true,"href":"https:\/\/mocliege.be\/ciep-verviers\/wp-json\/wp\/v2\/pec_events_category?post=443"}],"curies":[{"name":"wp","href":"https:\/\/api.w.org\/{rel}","templated":true}]}}

Verviers &#8211; Réunion du groupe des aînés

<p style="text-align: center" align="center"><span style="color: #00b050"><span style="font-size: large"><span lang="fr-FR"><b>Mardi 24 septembre 2019 à 9h30<br />
MOC Verviers, rue du Palais 25 à Verviers</b></span></span></span></p>
<p><strong>Trop vieux pour donner votre avis ? FAUX !</strong><br />
&#8211; Vous avez 55 ans et + ?<br />
&#8211; Vous êtes interpellé par les besoins des ainés et la manière dont votre commune y répond ?<br />
&#8211; Vous avez une expertise du quotidien, des avis à partager en matière de bien-être des seniors ?<br />
&#8211; Vous souhaitez échanger vos points de vue &#8230; et vous faire entendre des nouvelles autorités<br />
communales ?</p>
<p><strong>Rejoignez le groupe des aînés de Verviers ! N&rsquo;hésitez pas à nous contacter pour venir à la réunion du mardi 24 septembre 2019 </strong></p>
<p>Information et inscription: secretariat@mocverviers.be</p>
<p align="justify"><span style="color: #222222"><span style="font-size: medium">Téléphone: 087/33.77.07</span></span></p>

<!-- This site is optimized with the Yoast SEO plugin v19.14 - https://yoast.com/wordpress/plugins/seo/ -->
<title>Verviers - Réunion du groupe des aînés - Ciep-verviers</title>
<meta name="robots" content="index, follow, max-snippet:-1, max-image-preview:large, max-video-preview:-1" />
<link rel="canonical" href="https://mocliege.be/ciep-verviers/pec-events/verviers-reunion-du-groupe-des-aines/" />
<meta property="og:locale" content="fr_FR" />
<meta property="og:type" content="article" />
<meta property="og:title" content="Verviers - Réunion du groupe des aînés - Ciep-verviers" />
<meta property="og:description" content="Mardi 24 septembre 2019 à 9h30 MOC Verviers, rue du Palais 25 à Verviers Trop [&hellip;]" />
<meta property="og:url" content="https://mocliege.be/ciep-verviers/pec-events/verviers-reunion-du-groupe-des-aines/" />
<meta property="og:site_name" content="Ciep-verviers" />
<meta property="article:modified_time" content="2019-09-17T09:26:13+00:00" />
<meta name="twitter:card" content="summary_large_image" />
<meta name="twitter:label1" content="Durée de lecture estimée" />
	<meta name="twitter:data1" content="1 minute" />
<script type="application/ld+json" class="yoast-schema-graph">{"@context":"https://schema.org","@graph":[{"@type":"WebPage","@id":"https://mocliege.be/ciep-verviers/pec-events/verviers-reunion-du-groupe-des-aines/","url":"https://mocliege.be/ciep-verviers/pec-events/verviers-reunion-du-groupe-des-aines/","name":"Verviers - Réunion du groupe des aînés - Ciep-verviers","isPartOf":{"@id":"https://mocliege.be/ciep-verviers/#website"},"datePublished":"2019-09-17T09:25:14+00:00","dateModified":"2019-09-17T09:26:13+00:00","breadcrumb":{"@id":"https://mocliege.be/ciep-verviers/pec-events/verviers-reunion-du-groupe-des-aines/#breadcrumb"},"inLanguage":"fr-FR","potentialAction":[{"@type":"ReadAction","target":["https://mocliege.be/ciep-verviers/pec-events/verviers-reunion-du-groupe-des-aines/"]}]},{"@type":"BreadcrumbList","@id":"https://mocliege.be/ciep-verviers/pec-events/verviers-reunion-du-groupe-des-aines/#breadcrumb","itemListElement":[{"@type":"ListItem","position":1,"name":"Accueil","item":"https://mocliege.be/ciep-verviers/"},{"@type":"ListItem","position":2,"name":"Pro Event Calendar","item":"https://mocliege.be/ciep-verviers/pec-events/"},{"@type":"ListItem","position":3,"name":"Verviers &#8211; Réunion du groupe des aînés"}]},{"@type":"WebSite","@id":"https://mocliege.be/ciep-verviers/#website","url":"https://mocliege.be/ciep-verviers/","name":"Ciep-verviers","description":"Un site utilisant Sites du MOC - Liège","potentialAction":[{"@type":"SearchAction","target":{"@type":"EntryPoint","urlTemplate":"https://mocliege.be/ciep-verviers/?s={search_term_string}"},"query-input":"required name=search_term_string"}],"inLanguage":"fr-FR"}]}</script>
<!-- / Yoast SEO plugin. -->

Verviers - Réunion du groupe des aînés - Ciep-verviers

Mardi 24 septembre 2019 à 9h30 MOC Verviers, rue du Palais 25 à Verviers Trop [&hellip;]

Un site utilisant Sites du MOC - Liège
