{"id":601,"date":"2019-12-18T10:03:31","date_gmt":"2019-12-18T09:03:31","guid":{"rendered":"https:\/\/mocliege.be\/ciep-verviers\/?post_type=pec-events&#038;p=601"},"modified":"2019-12-18T10:03:31","modified_gmt":"2019-12-18T09:03:31","slug":"reunion-du-cine-liens-le-cine-club-engage-de-verviers","status":"publish","type":"pec-events","link":"https:\/\/mocliege.be\/ciep-verviers\/pec-events\/reunion-du-cine-liens-le-cine-club-engage-de-verviers\/","title":{"rendered":"R\u00e9union du \u00ab\u00a0Cin\u00e9-liens\u00a0\u00bb, le cin\u00e9 club engag\u00e9 de Verviers"},"content":{"rendered":"<p><img loading=\"lazy\" decoding=\"async\" class=\"alignnone  wp-image-602\" src=\"https:\/\/mocliege.be\/ciep-verviers\/wp-content\/uploads\/sites\/6\/2019\/12\/Cin\u00e9-Club-15-janvier-2020-212x300.png\" alt=\"\" width=\"646\" height=\"914\" srcset=\"https:\/\/mocliege.be\/ciep-verviers\/wp-content\/uploads\/sites\/6\/2019\/12\/Cin\u00e9-Club-15-janvier-2020-212x300.png 212w, https:\/\/mocliege.be\/ciep-verviers\/wp-content\/uploads\/sites\/6\/2019\/12\/Cin\u00e9-Club-15-janvier-2020-768x1086.png 768w, https:\/\/mocliege.be\/ciep-verviers\/wp-content\/uploads\/sites\/6\/2019\/12\/Cin\u00e9-Club-15-janvier-2020-724x1024.png 724w, https:\/\/mocliege.be\/ciep-verviers\/wp-content\/uploads\/sites\/6\/2019\/12\/Cin\u00e9-Club-15-janvier-2020-45x64.png 45w, https:\/\/mocliege.be\/ciep-verviers\/wp-content\/uploads\/sites\/6\/2019\/12\/Cin\u00e9-Club-15-janvier-2020-177x250.png 177w, https:\/\/mocliege.be\/ciep-verviers\/wp-content\/uploads\/sites\/6\/2019\/12\/Cin\u00e9-Club-15-janvier-2020-53x75.png 53w, https:\/\/mocliege.be\/ciep-verviers\/wp-content\/uploads\/sites\/6\/2019\/12\/Cin\u00e9-Club-15-janvier-2020-150x212.png 150w, https:\/\/mocliege.be\/ciep-verviers\/wp-content\/uploads\/sites\/6\/2019\/12\/Cin\u00e9-Club-15-janvier-2020-450x637.png 450w, https:\/\/mocliege.be\/ciep-verviers\/wp-content\/uploads\/sites\/6\/2019\/12\/Cin\u00e9-Club-15-janvier-2020-600x849.png 600w, https:\/\/mocliege.be\/ciep-verviers\/wp-content\/uploads\/sites\/6\/2019\/12\/Cin\u00e9-Club-15-janvier-2020-1200x1698.png 1200w, https:\/\/mocliege.be\/ciep-verviers\/wp-content\/uploads\/sites\/6\/2019\/12\/Cin\u00e9-Club-15-janvier-2020.png 1587w\" sizes=\"(max-width: 646px) 100vw, 646px\" \/><\/p>\n<p>Tu aimes les films ou\/et les documentaires o\u00f9 il y a un message social ou politique?<br \/>\nTu souhaites t\u2019investir dans un chouette projet ?<br \/>\nTu es juste curieux\u00b7euse et tu voudrais en savoir plus ? Rejoins-Nous!<\/p>\n<p>Un petit groupe est d\u00e9j\u00e0 constitu\u00e9 et organisera sa premi\u00e8re projection d\u00e9but 2020.<\/p>\n<p>Int\u00e9ress\u00e9\u00b7e\u00b7s ?<br \/>\nViens assister \u00e0 notre r\u00e9union le mercredi 15 janvier \u00a0\u00e0 19 h au CIEP VERVIERS (Rue du Palais 25-4800 Verviers)<br \/>\nTu souhaites savoir ce qui s&rsquo;est dit lors des premi\u00e8res r\u00e9unions?<br \/>\nEnvoie-nous un mail ou t\u00e9l\u00e9phone-nous !<\/p>\n<p>INFOS ET INSCRIPTIONS:<br \/>\ncaroline.baudoin@mocverviers.be<br \/>\nt\u00e9l: 087\/33 77 07<\/p>\n","protected":false},"author":5,"featured_media":0,"comment_status":"open","ping_status":"closed","template":"","tags":[],"pec_events_category":[],"acf":[],"yoast_head":"<!-- This site is optimized with the Yoast SEO plugin v19.14 - https:\/\/yoast.com\/wordpress\/plugins\/seo\/ -->\n<title>R\u00e9union du &quot;Cin\u00e9-liens&quot;, le cin\u00e9 club engag\u00e9 de Verviers - Ciep-verviers<\/title>\n<meta name=\"robots\" content=\"index, follow, max-snippet:-1, max-image-preview:large, max-video-preview:-1\" \/>\n<link rel=\"canonical\" href=\"https:\/\/mocliege.be\/ciep-verviers\/pec-events\/reunion-du-cine-liens-le-cine-club-engage-de-verviers\/\" \/>\n<meta property=\"og:locale\" content=\"fr_FR\" \/>\n<meta property=\"og:type\" content=\"article\" \/>\n<meta property=\"og:title\" content=\"R\u00e9union du &quot;Cin\u00e9-liens&quot;, le cin\u00e9 club engag\u00e9 de Verviers - Ciep-verviers\" \/>\n<meta property=\"og:description\" content=\"Tu aimes les films ou\/et les documentaires o\u00f9 il y a un message social ou [&hellip;]\" \/>\n<meta property=\"og:url\" content=\"https:\/\/mocliege.be\/ciep-verviers\/pec-events\/reunion-du-cine-liens-le-cine-club-engage-de-verviers\/\" \/>\n<meta property=\"og:site_name\" content=\"Ciep-verviers\" \/>\n<meta name=\"twitter:card\" content=\"summary_large_image\" \/>\n<meta name=\"twitter:label1\" content=\"Dur\u00e9e de lecture estim\u00e9e\" \/>\n\t<meta name=\"twitter:data1\" content=\"1 minute\" \/>\n<script type=\"application\/ld+json\" class=\"yoast-schema-graph\">{\"@context\":\"https:\/\/schema.org\",\"@graph\":[{\"@type\":\"WebPage\",\"@id\":\"https:\/\/mocliege.be\/ciep-verviers\/pec-events\/reunion-du-cine-liens-le-cine-club-engage-de-verviers\/\",\"url\":\"https:\/\/mocliege.be\/ciep-verviers\/pec-events\/reunion-du-cine-liens-le-cine-club-engage-de-verviers\/\",\"name\":\"R\u00e9union du \\\"Cin\u00e9-liens\\\", le cin\u00e9 club engag\u00e9 de Verviers - Ciep-verviers\",\"isPartOf\":{\"@id\":\"https:\/\/mocliege.be\/ciep-verviers\/#website\"},\"datePublished\":\"2019-12-18T09:03:31+00:00\",\"dateModified\":\"2019-12-18T09:03:31+00:00\",\"breadcrumb\":{\"@id\":\"https:\/\/mocliege.be\/ciep-verviers\/pec-events\/reunion-du-cine-liens-le-cine-club-engage-de-verviers\/#breadcrumb\"},\"inLanguage\":\"fr-FR\",\"potentialAction\":[{\"@type\":\"ReadAction\",\"target\":[\"https:\/\/mocliege.be\/ciep-verviers\/pec-events\/reunion-du-cine-liens-le-cine-club-engage-de-verviers\/\"]}]},{\"@type\":\"BreadcrumbList\",\"@id\":\"https:\/\/mocliege.be\/ciep-verviers\/pec-events\/reunion-du-cine-liens-le-cine-club-engage-de-verviers\/#breadcrumb\",\"itemListElement\":[{\"@type\":\"ListItem\",\"position\":1,\"name\":\"Accueil\",\"item\":\"https:\/\/mocliege.be\/ciep-verviers\/\"},{\"@type\":\"ListItem\",\"position\":2,\"name\":\"Pro Event Calendar\",\"item\":\"https:\/\/mocliege.be\/ciep-verviers\/pec-events\/\"},{\"@type\":\"ListItem\",\"position\":3,\"name\":\"R\u00e9union du \u00ab\u00a0Cin\u00e9-liens\u00a0\u00bb, le cin\u00e9 club engag\u00e9 de Verviers\"}]},{\"@type\":\"WebSite\",\"@id\":\"https:\/\/mocliege.be\/ciep-verviers\/#website\",\"url\":\"https:\/\/mocliege.be\/ciep-verviers\/\",\"name\":\"Ciep-verviers\",\"description\":\"Un site utilisant Sites du MOC - Li\u00e8ge\",\"potentialAction\":[{\"@type\":\"SearchAction\",\"target\":{\"@type\":\"EntryPoint\",\"urlTemplate\":\"https:\/\/mocliege.be\/ciep-verviers\/?s={search_term_string}\"},\"query-input\":\"required name=search_term_string\"}],\"inLanguage\":\"fr-FR\"}]}<\/script>\n<!-- \/ Yoast SEO plugin. -->","yoast_head_json":{"title":"R\u00e9union du \"Cin\u00e9-liens\", le cin\u00e9 club engag\u00e9 de Verviers - Ciep-verviers","robots":{"index":"index","follow":"follow","max-snippet":"max-snippet:-1","max-image-preview":"max-image-preview:large","max-video-preview":"max-video-preview:-1"},"canonical":"https:\/\/mocliege.be\/ciep-verviers\/pec-events\/reunion-du-cine-liens-le-cine-club-engage-de-verviers\/","og_locale":"fr_FR","og_type":"article","og_title":"R\u00e9union du \"Cin\u00e9-liens\", le cin\u00e9 club engag\u00e9 de Verviers - Ciep-verviers","og_description":"Tu aimes les films ou\/et les documentaires o\u00f9 il y a un message social ou [&hellip;]","og_url":"https:\/\/mocliege.be\/ciep-verviers\/pec-events\/reunion-du-cine-liens-le-cine-club-engage-de-verviers\/","og_site_name":"Ciep-verviers","twitter_card":"summary_large_image","twitter_misc":{"Dur\u00e9e de lecture estim\u00e9e":"1 minute"},"schema":{"@context":"https:\/\/schema.org","@graph":[{"@type":"WebPage","@id":"https:\/\/mocliege.be\/ciep-verviers\/pec-events\/reunion-du-cine-liens-le-cine-club-engage-de-verviers\/","url":"https:\/\/mocliege.be\/ciep-verviers\/pec-events\/reunion-du-cine-liens-le-cine-club-engage-de-verviers\/","name":"R\u00e9union du \"Cin\u00e9-liens\", le cin\u00e9 club engag\u00e9 de Verviers - Ciep-verviers","isPartOf":{"@id":"https:\/\/mocliege.be\/ciep-verviers\/#website"},"datePublished":"2019-12-18T09:03:31+00:00","dateModified":"2019-12-18T09:03:31+00:00","breadcrumb":{"@id":"https:\/\/mocliege.be\/ciep-verviers\/pec-events\/reunion-du-cine-liens-le-cine-club-engage-de-verviers\/#breadcrumb"},"inLanguage":"fr-FR","potentialAction":[{"@type":"ReadAction","target":["https:\/\/mocliege.be\/ciep-verviers\/pec-events\/reunion-du-cine-liens-le-cine-club-engage-de-verviers\/"]}]},{"@type":"BreadcrumbList","@id":"https:\/\/mocliege.be\/ciep-verviers\/pec-events\/reunion-du-cine-liens-le-cine-club-engage-de-verviers\/#breadcrumb","itemListElement":[{"@type":"ListItem","position":1,"name":"Accueil","item":"https:\/\/mocliege.be\/ciep-verviers\/"},{"@type":"ListItem","position":2,"name":"Pro Event Calendar","item":"https:\/\/mocliege.be\/ciep-verviers\/pec-events\/"},{"@type":"ListItem","position":3,"name":"R\u00e9union du \u00ab\u00a0Cin\u00e9-liens\u00a0\u00bb, le cin\u00e9 club engag\u00e9 de Verviers"}]},{"@type":"WebSite","@id":"https:\/\/mocliege.be\/ciep-verviers\/#website","url":"https:\/\/mocliege.be\/ciep-verviers\/","name":"Ciep-verviers","description":"Un site utilisant Sites du MOC - Li\u00e8ge","potentialAction":[{"@type":"SearchAction","target":{"@type":"EntryPoint","urlTemplate":"https:\/\/mocliege.be\/ciep-verviers\/?s={search_term_string}"},"query-input":"required name=search_term_string"}],"inLanguage":"fr-FR"}]}},"pec_date":"2020-01-15 19:00:00","pec_venue_map_lnlat":"","pec_featured_image":"","pec_id_calendar":"1","pec_featured_event":"","pec_all_day":"","pec_tbc":"","pec_daily_working_days":"","pec_daily_every":"1","pec_weekly_every":"1","pec_weekly_day":"","pec_monthly_every":"1","pec_monthly_position":"","pec_monthly_day":"","pec_exceptions":"","pec_extra_dates":"","pec_end_date":"","pec_link":"","pec_age_range":"","pec_map":"","pec_end_time_hh":"","pec_end_time_mm":"","pec_hide_time":"","pec_organizer":"","pec_phone":"","pec_recurring_frecuency":"0","pec_location":"","_links":{"self":[{"href":"https:\/\/mocliege.be\/ciep-verviers\/wp-json\/wp\/v2\/pec-events\/601"}],"collection":[{"href":"https:\/\/mocliege.be\/ciep-verviers\/wp-json\/wp\/v2\/pec-events"}],"about":[{"href":"https:\/\/mocliege.be\/ciep-verviers\/wp-json\/wp\/v2\/types\/pec-events"}],"author":[{"embeddable":true,"href":"https:\/\/mocliege.be\/ciep-verviers\/wp-json\/wp\/v2\/users\/5"}],"replies":[{"embeddable":true,"href":"https:\/\/mocliege.be\/ciep-verviers\/wp-json\/wp\/v2\/comments?post=601"}],"wp:attachment":[{"href":"https:\/\/mocliege.be\/ciep-verviers\/wp-json\/wp\/v2\/media?parent=601"}],"wp:term":[{"taxonomy":"post_tag","embeddable":true,"href":"https:\/\/mocliege.be\/ciep-verviers\/wp-json\/wp\/v2\/tags?post=601"},{"taxonomy":"pec_events_category","embeddable":true,"href":"https:\/\/mocliege.be\/ciep-verviers\/wp-json\/wp\/v2\/pec_events_category?post=601"}],"curies":[{"name":"wp","href":"https:\/\/api.w.org\/{rel}","templated":true}]}}

Réunion du « Ciné-liens », le ciné club engagé de Verviers

<p><img loading="lazy" decoding="async" class="alignnone  wp-image-602" src="https://mocliege.be/ciep-verviers/wp-content/uploads/sites/6/2019/12/Ciné-Club-15-janvier-2020-212x300.png" alt="" width="646" height="914" srcset="https://mocliege.be/ciep-verviers/wp-content/uploads/sites/6/2019/12/Ciné-Club-15-janvier-2020-212x300.png 212w, https://mocliege.be/ciep-verviers/wp-content/uploads/sites/6/2019/12/Ciné-Club-15-janvier-2020-768x1086.png 768w, https://mocliege.be/ciep-verviers/wp-content/uploads/sites/6/2019/12/Ciné-Club-15-janvier-2020-724x1024.png 724w, https://mocliege.be/ciep-verviers/wp-content/uploads/sites/6/2019/12/Ciné-Club-15-janvier-2020-45x64.png 45w, https://mocliege.be/ciep-verviers/wp-content/uploads/sites/6/2019/12/Ciné-Club-15-janvier-2020-177x250.png 177w, https://mocliege.be/ciep-verviers/wp-content/uploads/sites/6/2019/12/Ciné-Club-15-janvier-2020-53x75.png 53w, https://mocliege.be/ciep-verviers/wp-content/uploads/sites/6/2019/12/Ciné-Club-15-janvier-2020-150x212.png 150w, https://mocliege.be/ciep-verviers/wp-content/uploads/sites/6/2019/12/Ciné-Club-15-janvier-2020-450x637.png 450w, https://mocliege.be/ciep-verviers/wp-content/uploads/sites/6/2019/12/Ciné-Club-15-janvier-2020-600x849.png 600w, https://mocliege.be/ciep-verviers/wp-content/uploads/sites/6/2019/12/Ciné-Club-15-janvier-2020-1200x1698.png 1200w, https://mocliege.be/ciep-verviers/wp-content/uploads/sites/6/2019/12/Ciné-Club-15-janvier-2020.png 1587w" sizes="(max-width: 646px) 100vw, 646px" /></p>
<p>Tu aimes les films ou/et les documentaires où il y a un message social ou politique?<br />
Tu souhaites t’investir dans un chouette projet ?<br />
Tu es juste curieux·euse et tu voudrais en savoir plus ? Rejoins-Nous!</p>
<p>Un petit groupe est déjà constitué et organisera sa première projection début 2020.</p>
<p>Intéressé·e·s ?<br />
Viens assister à notre réunion le mercredi 15 janvier  à 19 h au CIEP VERVIERS (Rue du Palais 25-4800 Verviers)<br />
Tu souhaites savoir ce qui s&rsquo;est dit lors des premières réunions?<br />
Envoie-nous un mail ou téléphone-nous !</p>
<p>INFOS ET INSCRIPTIONS:<br />
caroline.baudoin@mocverviers.be<br />
tél: 087/33 77 07</p>

<!-- This site is optimized with the Yoast SEO plugin v19.14 - https://yoast.com/wordpress/plugins/seo/ -->
<title>Réunion du &quot;Ciné-liens&quot;, le ciné club engagé de Verviers - Ciep-verviers</title>
<meta name="robots" content="index, follow, max-snippet:-1, max-image-preview:large, max-video-preview:-1" />
<link rel="canonical" href="https://mocliege.be/ciep-verviers/pec-events/reunion-du-cine-liens-le-cine-club-engage-de-verviers/" />
<meta property="og:locale" content="fr_FR" />
<meta property="og:type" content="article" />
<meta property="og:title" content="Réunion du &quot;Ciné-liens&quot;, le ciné club engagé de Verviers - Ciep-verviers" />
<meta property="og:description" content="Tu aimes les films ou/et les documentaires où il y a un message social ou [&hellip;]" />
<meta property="og:url" content="https://mocliege.be/ciep-verviers/pec-events/reunion-du-cine-liens-le-cine-club-engage-de-verviers/" />
<meta property="og:site_name" content="Ciep-verviers" />
<meta name="twitter:card" content="summary_large_image" />
<meta name="twitter:label1" content="Durée de lecture estimée" />
	<meta name="twitter:data1" content="1 minute" />
<script type="application/ld+json" class="yoast-schema-graph">{"@context":"https://schema.org","@graph":[{"@type":"WebPage","@id":"https://mocliege.be/ciep-verviers/pec-events/reunion-du-cine-liens-le-cine-club-engage-de-verviers/","url":"https://mocliege.be/ciep-verviers/pec-events/reunion-du-cine-liens-le-cine-club-engage-de-verviers/","name":"Réunion du \"Ciné-liens\", le ciné club engagé de Verviers - Ciep-verviers","isPartOf":{"@id":"https://mocliege.be/ciep-verviers/#website"},"datePublished":"2019-12-18T09:03:31+00:00","dateModified":"2019-12-18T09:03:31+00:00","breadcrumb":{"@id":"https://mocliege.be/ciep-verviers/pec-events/reunion-du-cine-liens-le-cine-club-engage-de-verviers/#breadcrumb"},"inLanguage":"fr-FR","potentialAction":[{"@type":"ReadAction","target":["https://mocliege.be/ciep-verviers/pec-events/reunion-du-cine-liens-le-cine-club-engage-de-verviers/"]}]},{"@type":"BreadcrumbList","@id":"https://mocliege.be/ciep-verviers/pec-events/reunion-du-cine-liens-le-cine-club-engage-de-verviers/#breadcrumb","itemListElement":[{"@type":"ListItem","position":1,"name":"Accueil","item":"https://mocliege.be/ciep-verviers/"},{"@type":"ListItem","position":2,"name":"Pro Event Calendar","item":"https://mocliege.be/ciep-verviers/pec-events/"},{"@type":"ListItem","position":3,"name":"Réunion du « Ciné-liens », le ciné club engagé de Verviers"}]},{"@type":"WebSite","@id":"https://mocliege.be/ciep-verviers/#website","url":"https://mocliege.be/ciep-verviers/","name":"Ciep-verviers","description":"Un site utilisant Sites du MOC - Liège","potentialAction":[{"@type":"SearchAction","target":{"@type":"EntryPoint","urlTemplate":"https://mocliege.be/ciep-verviers/?s={search_term_string}"},"query-input":"required name=search_term_string"}],"inLanguage":"fr-FR"}]}</script>
<!-- / Yoast SEO plugin. -->

Réunion du "Ciné-liens", le ciné club engagé de Verviers - Ciep-verviers

Tu aimes les films ou/et les documentaires où il y a un message social ou [&hellip;]

Un site utilisant Sites du MOC - Liège
