{"id":614,"date":"2019-12-18T10:52:33","date_gmt":"2019-12-18T09:52:33","guid":{"rendered":"https:\/\/mocliege.be\/ciep-verviers\/?post_type=pec-events&#038;p=614"},"modified":"2019-12-18T14:41:33","modified_gmt":"2019-12-18T13:41:33","slug":"spectacle-maison-renard-herve","status":"publish","type":"pec-events","link":"https:\/\/mocliege.be\/ciep-verviers\/pec-events\/spectacle-maison-renard-herve\/","title":{"rendered":"Spectacle Maison Renard- Herve"},"content":{"rendered":"<p>Le <a href=\"https:\/\/mocliege.be\/ciep-verviers\/activites\/\">Forum Social du pays de Herve<\/a>, en partenariat avec La sc\u00e8ne du bocage, a le plaisir de vous inviter \u00e0 la repr\u00e9sentation du spectacle \u00ab\u00a0Maison Renard\u00a0\u00bb le jeudi 23 janvier 2020 \u00e0 Herve !<\/p>\n<p><strong>Pr\u00e9parez-vous au pire et esp\u00e9rez le meilleur ! <\/strong><br \/>\n<strong>Bertrand en est convaincu: la fin du monde, c\u2019est pour demain.<\/strong><\/p>\n<p style=\"text-align: left\"><img loading=\"lazy\" decoding=\"async\" class=\" wp-image-616 alignleft\" src=\"https:\/\/mocliege.be\/ciep-verviers\/wp-content\/uploads\/sites\/6\/2019\/12\/Maison-Renard-FSPH-version-logo-province-212x300.jpg\" alt=\"\" width=\"300\" height=\"425\" srcset=\"https:\/\/mocliege.be\/ciep-verviers\/wp-content\/uploads\/sites\/6\/2019\/12\/Maison-Renard-FSPH-version-logo-province-212x300.jpg 212w, https:\/\/mocliege.be\/ciep-verviers\/wp-content\/uploads\/sites\/6\/2019\/12\/Maison-Renard-FSPH-version-logo-province-768x1086.jpg 768w, https:\/\/mocliege.be\/ciep-verviers\/wp-content\/uploads\/sites\/6\/2019\/12\/Maison-Renard-FSPH-version-logo-province-724x1024.jpg 724w, https:\/\/mocliege.be\/ciep-verviers\/wp-content\/uploads\/sites\/6\/2019\/12\/Maison-Renard-FSPH-version-logo-province-45x64.jpg 45w, https:\/\/mocliege.be\/ciep-verviers\/wp-content\/uploads\/sites\/6\/2019\/12\/Maison-Renard-FSPH-version-logo-province-177x250.jpg 177w, https:\/\/mocliege.be\/ciep-verviers\/wp-content\/uploads\/sites\/6\/2019\/12\/Maison-Renard-FSPH-version-logo-province-53x75.jpg 53w, https:\/\/mocliege.be\/ciep-verviers\/wp-content\/uploads\/sites\/6\/2019\/12\/Maison-Renard-FSPH-version-logo-province-150x212.jpg 150w, https:\/\/mocliege.be\/ciep-verviers\/wp-content\/uploads\/sites\/6\/2019\/12\/Maison-Renard-FSPH-version-logo-province-450x637.jpg 450w, https:\/\/mocliege.be\/ciep-verviers\/wp-content\/uploads\/sites\/6\/2019\/12\/Maison-Renard-FSPH-version-logo-province-600x849.jpg 600w, https:\/\/mocliege.be\/ciep-verviers\/wp-content\/uploads\/sites\/6\/2019\/12\/Maison-Renard-FSPH-version-logo-province-1200x1698.jpg 1200w, https:\/\/mocliege.be\/ciep-verviers\/wp-content\/uploads\/sites\/6\/2019\/12\/Maison-Renard-FSPH-version-logo-province.jpg 1587w\" sizes=\"(max-width: 300px) 100vw, 300px\" \/><br \/>\nEntre le r\u00e9chauffement climatique, les catastrophes naturelles, la menace nucl\u00e9aire et l\u2019\u00e9puisement des ressources, il ne faudra pas attendre 2050 pour que tout s\u2019effondre. Heureusement, son entreprise d\u00e9tient LA solution. Ce soir, il vous pr\u00e9sente la B.A.D. (Base autonome durable) de l&rsquo;Espace Georges Dechamps. La seule alternative pour vous sauver de la catastrophe \u00e0 venir, du moins, si vous en avez les moyens.<\/p>\n<p>Aussi dr\u00f4le que cynique, \u201cMaison Renard\u201d est un spectacle enti\u00e8rement r\u00e9alis\u00e9 avec des donn\u00e9es issues du monde scientifique. Doit-on vraiment craindre un effondrement de notre civilisation ? Comment vivre en autonomie totale ? Quelles seront les v\u00e9ritables victimes en cas de d\u00e9liquescence ? Apr\u00e8s ce spectacle, la survie n\u2019aura plus aucun secret pour vous.<\/p>\n<p>Le spectacle sera suivi d&rsquo;un \u00e9change avec le public.<\/p>\n<p>Lieu: Espace Georges Dechamps, Place de l&rsquo;h\u00f4tel de ville \u00e0 Herve<\/p>\n<p>Date et heure: le jeudi 23 janvier \u00e0 20h15<\/p>\n<p>Prix: 10 \u20ac<\/p>\n<p>R\u00e9servations: Point culture de Herve &#8211; 087\/66.09.07 (places num\u00e9rot\u00e9es)<\/p>\n<p>Pour acc\u00e9der \u00e0 l&rsquo;\u00e9v\u00e9nement facebook cliquez <a href=\"https:\/\/www.facebook.com\/events\/436593083945332\/\">ici\u00a0<\/a><\/p>\n","protected":false},"author":5,"featured_media":616,"comment_status":"open","ping_status":"closed","template":"","tags":[],"pec_events_category":[],"acf":[],"yoast_head":"<!-- This site is optimized with the Yoast SEO plugin v19.14 - https:\/\/yoast.com\/wordpress\/plugins\/seo\/ -->\n<title>Spectacle Maison Renard- Herve - Ciep-verviers<\/title>\n<meta name=\"robots\" content=\"index, follow, max-snippet:-1, max-image-preview:large, max-video-preview:-1\" \/>\n<link rel=\"canonical\" href=\"https:\/\/mocliege.be\/ciep-verviers\/pec-events\/spectacle-maison-renard-herve\/\" \/>\n<meta property=\"og:locale\" content=\"fr_FR\" \/>\n<meta property=\"og:type\" content=\"article\" \/>\n<meta property=\"og:title\" content=\"Spectacle Maison Renard- Herve - Ciep-verviers\" \/>\n<meta property=\"og:description\" content=\"Le Forum Social du pays de Herve, en partenariat avec La sc\u00e8ne du bocage, a [&hellip;]\" \/>\n<meta property=\"og:url\" content=\"https:\/\/mocliege.be\/ciep-verviers\/pec-events\/spectacle-maison-renard-herve\/\" \/>\n<meta property=\"og:site_name\" content=\"Ciep-verviers\" \/>\n<meta property=\"article:modified_time\" content=\"2019-12-18T13:41:33+00:00\" \/>\n<meta property=\"og:image\" content=\"https:\/\/mocliege.be\/ciep-verviers\/wp-content\/uploads\/sites\/6\/2019\/12\/Maison-Renard-FSPH-version-logo-province.jpg\" \/>\n\t<meta property=\"og:image:width\" content=\"1587\" \/>\n\t<meta property=\"og:image:height\" content=\"2245\" \/>\n\t<meta property=\"og:image:type\" content=\"image\/jpeg\" \/>\n<meta name=\"twitter:card\" content=\"summary_large_image\" \/>\n<meta name=\"twitter:label1\" content=\"Dur\u00e9e de lecture estim\u00e9e\" \/>\n\t<meta name=\"twitter:data1\" content=\"1 minute\" \/>\n<script type=\"application\/ld+json\" class=\"yoast-schema-graph\">{\"@context\":\"https:\/\/schema.org\",\"@graph\":[{\"@type\":\"WebPage\",\"@id\":\"https:\/\/mocliege.be\/ciep-verviers\/pec-events\/spectacle-maison-renard-herve\/\",\"url\":\"https:\/\/mocliege.be\/ciep-verviers\/pec-events\/spectacle-maison-renard-herve\/\",\"name\":\"Spectacle Maison Renard- Herve - Ciep-verviers\",\"isPartOf\":{\"@id\":\"https:\/\/mocliege.be\/ciep-verviers\/#website\"},\"datePublished\":\"2019-12-18T09:52:33+00:00\",\"dateModified\":\"2019-12-18T13:41:33+00:00\",\"breadcrumb\":{\"@id\":\"https:\/\/mocliege.be\/ciep-verviers\/pec-events\/spectacle-maison-renard-herve\/#breadcrumb\"},\"inLanguage\":\"fr-FR\",\"potentialAction\":[{\"@type\":\"ReadAction\",\"target\":[\"https:\/\/mocliege.be\/ciep-verviers\/pec-events\/spectacle-maison-renard-herve\/\"]}]},{\"@type\":\"BreadcrumbList\",\"@id\":\"https:\/\/mocliege.be\/ciep-verviers\/pec-events\/spectacle-maison-renard-herve\/#breadcrumb\",\"itemListElement\":[{\"@type\":\"ListItem\",\"position\":1,\"name\":\"Accueil\",\"item\":\"https:\/\/mocliege.be\/ciep-verviers\/\"},{\"@type\":\"ListItem\",\"position\":2,\"name\":\"Pro Event Calendar\",\"item\":\"https:\/\/mocliege.be\/ciep-verviers\/pec-events\/\"},{\"@type\":\"ListItem\",\"position\":3,\"name\":\"Spectacle Maison Renard- Herve\"}]},{\"@type\":\"WebSite\",\"@id\":\"https:\/\/mocliege.be\/ciep-verviers\/#website\",\"url\":\"https:\/\/mocliege.be\/ciep-verviers\/\",\"name\":\"Ciep-verviers\",\"description\":\"Un site utilisant Sites du MOC - Li\u00e8ge\",\"potentialAction\":[{\"@type\":\"SearchAction\",\"target\":{\"@type\":\"EntryPoint\",\"urlTemplate\":\"https:\/\/mocliege.be\/ciep-verviers\/?s={search_term_string}\"},\"query-input\":\"required name=search_term_string\"}],\"inLanguage\":\"fr-FR\"}]}<\/script>\n<!-- \/ Yoast SEO plugin. -->","yoast_head_json":{"title":"Spectacle Maison Renard- Herve - Ciep-verviers","robots":{"index":"index","follow":"follow","max-snippet":"max-snippet:-1","max-image-preview":"max-image-preview:large","max-video-preview":"max-video-preview:-1"},"canonical":"https:\/\/mocliege.be\/ciep-verviers\/pec-events\/spectacle-maison-renard-herve\/","og_locale":"fr_FR","og_type":"article","og_title":"Spectacle Maison Renard- Herve - Ciep-verviers","og_description":"Le Forum Social du pays de Herve, en partenariat avec La sc\u00e8ne du bocage, a [&hellip;]","og_url":"https:\/\/mocliege.be\/ciep-verviers\/pec-events\/spectacle-maison-renard-herve\/","og_site_name":"Ciep-verviers","article_modified_time":"2019-12-18T13:41:33+00:00","og_image":[{"width":1587,"height":2245,"url":"https:\/\/mocliege.be\/ciep-verviers\/wp-content\/uploads\/sites\/6\/2019\/12\/Maison-Renard-FSPH-version-logo-province.jpg","type":"image\/jpeg"}],"twitter_card":"summary_large_image","twitter_misc":{"Dur\u00e9e de lecture estim\u00e9e":"1 minute"},"schema":{"@context":"https:\/\/schema.org","@graph":[{"@type":"WebPage","@id":"https:\/\/mocliege.be\/ciep-verviers\/pec-events\/spectacle-maison-renard-herve\/","url":"https:\/\/mocliege.be\/ciep-verviers\/pec-events\/spectacle-maison-renard-herve\/","name":"Spectacle Maison Renard- Herve - Ciep-verviers","isPartOf":{"@id":"https:\/\/mocliege.be\/ciep-verviers\/#website"},"datePublished":"2019-12-18T09:52:33+00:00","dateModified":"2019-12-18T13:41:33+00:00","breadcrumb":{"@id":"https:\/\/mocliege.be\/ciep-verviers\/pec-events\/spectacle-maison-renard-herve\/#breadcrumb"},"inLanguage":"fr-FR","potentialAction":[{"@type":"ReadAction","target":["https:\/\/mocliege.be\/ciep-verviers\/pec-events\/spectacle-maison-renard-herve\/"]}]},{"@type":"BreadcrumbList","@id":"https:\/\/mocliege.be\/ciep-verviers\/pec-events\/spectacle-maison-renard-herve\/#breadcrumb","itemListElement":[{"@type":"ListItem","position":1,"name":"Accueil","item":"https:\/\/mocliege.be\/ciep-verviers\/"},{"@type":"ListItem","position":2,"name":"Pro Event Calendar","item":"https:\/\/mocliege.be\/ciep-verviers\/pec-events\/"},{"@type":"ListItem","position":3,"name":"Spectacle Maison Renard- Herve"}]},{"@type":"WebSite","@id":"https:\/\/mocliege.be\/ciep-verviers\/#website","url":"https:\/\/mocliege.be\/ciep-verviers\/","name":"Ciep-verviers","description":"Un site utilisant Sites du MOC - Li\u00e8ge","potentialAction":[{"@type":"SearchAction","target":{"@type":"EntryPoint","urlTemplate":"https:\/\/mocliege.be\/ciep-verviers\/?s={search_term_string}"},"query-input":"required name=search_term_string"}],"inLanguage":"fr-FR"}]}},"pec_date":"2020-01-23 20:15:00","pec_venue_map_lnlat":"","pec_featured_image":"https:\/\/mocliege.be\/ciep-verviers\/wp-content\/uploads\/sites\/6\/2019\/12\/Maison-Renard-FSPH-version-logo-province-724x1024.jpg","pec_id_calendar":"1","pec_featured_event":"","pec_all_day":"","pec_tbc":"","pec_daily_working_days":"","pec_daily_every":"1","pec_weekly_every":"1","pec_weekly_day":"","pec_monthly_every":"1","pec_monthly_position":"","pec_monthly_day":"","pec_exceptions":"","pec_extra_dates":"","pec_end_date":"","pec_link":"","pec_age_range":"","pec_map":"","pec_end_time_hh":"","pec_end_time_mm":"","pec_hide_time":"","pec_organizer":"","pec_phone":"","pec_recurring_frecuency":"0","pec_location":"","_links":{"self":[{"href":"https:\/\/mocliege.be\/ciep-verviers\/wp-json\/wp\/v2\/pec-events\/614"}],"collection":[{"href":"https:\/\/mocliege.be\/ciep-verviers\/wp-json\/wp\/v2\/pec-events"}],"about":[{"href":"https:\/\/mocliege.be\/ciep-verviers\/wp-json\/wp\/v2\/types\/pec-events"}],"author":[{"embeddable":true,"href":"https:\/\/mocliege.be\/ciep-verviers\/wp-json\/wp\/v2\/users\/5"}],"replies":[{"embeddable":true,"href":"https:\/\/mocliege.be\/ciep-verviers\/wp-json\/wp\/v2\/comments?post=614"}],"wp:featuredmedia":[{"embeddable":true,"href":"https:\/\/mocliege.be\/ciep-verviers\/wp-json\/wp\/v2\/media\/616"}],"wp:attachment":[{"href":"https:\/\/mocliege.be\/ciep-verviers\/wp-json\/wp\/v2\/media?parent=614"}],"wp:term":[{"taxonomy":"post_tag","embeddable":true,"href":"https:\/\/mocliege.be\/ciep-verviers\/wp-json\/wp\/v2\/tags?post=614"},{"taxonomy":"pec_events_category","embeddable":true,"href":"https:\/\/mocliege.be\/ciep-verviers\/wp-json\/wp\/v2\/pec_events_category?post=614"}],"curies":[{"name":"wp","href":"https:\/\/api.w.org\/{rel}","templated":true}]}}

<p>Le <a href="https://mocliege.be/ciep-verviers/activites/">Forum Social du pays de Herve</a>, en partenariat avec La scène du bocage, a le plaisir de vous inviter à la représentation du spectacle « Maison Renard » le jeudi 23 janvier 2020 à Herve !</p>
<p><strong>Préparez-vous au pire et espérez le meilleur ! </strong><br />
<strong>Bertrand en est convaincu: la fin du monde, c’est pour demain.</strong></p>
<p style="text-align: left"><img loading="lazy" decoding="async" class=" wp-image-616 alignleft" src="https://mocliege.be/ciep-verviers/wp-content/uploads/sites/6/2019/12/Maison-Renard-FSPH-version-logo-province-212x300.jpg" alt="" width="300" height="425" srcset="https://mocliege.be/ciep-verviers/wp-content/uploads/sites/6/2019/12/Maison-Renard-FSPH-version-logo-province-212x300.jpg 212w, https://mocliege.be/ciep-verviers/wp-content/uploads/sites/6/2019/12/Maison-Renard-FSPH-version-logo-province-768x1086.jpg 768w, https://mocliege.be/ciep-verviers/wp-content/uploads/sites/6/2019/12/Maison-Renard-FSPH-version-logo-province-724x1024.jpg 724w, https://mocliege.be/ciep-verviers/wp-content/uploads/sites/6/2019/12/Maison-Renard-FSPH-version-logo-province-45x64.jpg 45w, https://mocliege.be/ciep-verviers/wp-content/uploads/sites/6/2019/12/Maison-Renard-FSPH-version-logo-province-177x250.jpg 177w, https://mocliege.be/ciep-verviers/wp-content/uploads/sites/6/2019/12/Maison-Renard-FSPH-version-logo-province-53x75.jpg 53w, https://mocliege.be/ciep-verviers/wp-content/uploads/sites/6/2019/12/Maison-Renard-FSPH-version-logo-province-150x212.jpg 150w, https://mocliege.be/ciep-verviers/wp-content/uploads/sites/6/2019/12/Maison-Renard-FSPH-version-logo-province-450x637.jpg 450w, https://mocliege.be/ciep-verviers/wp-content/uploads/sites/6/2019/12/Maison-Renard-FSPH-version-logo-province-600x849.jpg 600w, https://mocliege.be/ciep-verviers/wp-content/uploads/sites/6/2019/12/Maison-Renard-FSPH-version-logo-province-1200x1698.jpg 1200w, https://mocliege.be/ciep-verviers/wp-content/uploads/sites/6/2019/12/Maison-Renard-FSPH-version-logo-province.jpg 1587w" sizes="(max-width: 300px) 100vw, 300px" /><br />
Entre le réchauffement climatique, les catastrophes naturelles, la menace nucléaire et l’épuisement des ressources, il ne faudra pas attendre 2050 pour que tout s’effondre. Heureusement, son entreprise détient LA solution. Ce soir, il vous présente la B.A.D. (Base autonome durable) de l&rsquo;Espace Georges Dechamps. La seule alternative pour vous sauver de la catastrophe à venir, du moins, si vous en avez les moyens.</p>
<p>Aussi drôle que cynique, “Maison Renard” est un spectacle entièrement réalisé avec des données issues du monde scientifique. Doit-on vraiment craindre un effondrement de notre civilisation ? Comment vivre en autonomie totale ? Quelles seront les véritables victimes en cas de déliquescence ? Après ce spectacle, la survie n’aura plus aucun secret pour vous.</p>
<p>Le spectacle sera suivi d&rsquo;un échange avec le public.</p>
<p>Lieu: Espace Georges Dechamps, Place de l&rsquo;hôtel de ville à Herve</p>
<p>Date et heure: le jeudi 23 janvier à 20h15</p>
<p>Prix: 10 €</p>
<p>Réservations: Point culture de Herve &#8211; 087/66.09.07 (places numérotées)</p>
<p>Pour accéder à l&rsquo;événement facebook cliquez <a href="https://www.facebook.com/events/436593083945332/">ici </a></p>

<!-- This site is optimized with the Yoast SEO plugin v19.14 - https://yoast.com/wordpress/plugins/seo/ -->
<title>Spectacle Maison Renard- Herve - Ciep-verviers</title>
<meta name="robots" content="index, follow, max-snippet:-1, max-image-preview:large, max-video-preview:-1" />
<link rel="canonical" href="https://mocliege.be/ciep-verviers/pec-events/spectacle-maison-renard-herve/" />
<meta property="og:locale" content="fr_FR" />
<meta property="og:type" content="article" />
<meta property="og:title" content="Spectacle Maison Renard- Herve - Ciep-verviers" />
<meta property="og:description" content="Le Forum Social du pays de Herve, en partenariat avec La scène du bocage, a [&hellip;]" />
<meta property="og:url" content="https://mocliege.be/ciep-verviers/pec-events/spectacle-maison-renard-herve/" />
<meta property="og:site_name" content="Ciep-verviers" />
<meta property="article:modified_time" content="2019-12-18T13:41:33+00:00" />
<meta property="og:image" content="https://mocliege.be/ciep-verviers/wp-content/uploads/sites/6/2019/12/Maison-Renard-FSPH-version-logo-province.jpg" />
	<meta property="og:image:width" content="1587" />
	<meta property="og:image:height" content="2245" />
	<meta property="og:image:type" content="image/jpeg" />
<meta name="twitter:card" content="summary_large_image" />
<meta name="twitter:label1" content="Durée de lecture estimée" />
	<meta name="twitter:data1" content="1 minute" />
<script type="application/ld+json" class="yoast-schema-graph">{"@context":"https://schema.org","@graph":[{"@type":"WebPage","@id":"https://mocliege.be/ciep-verviers/pec-events/spectacle-maison-renard-herve/","url":"https://mocliege.be/ciep-verviers/pec-events/spectacle-maison-renard-herve/","name":"Spectacle Maison Renard- Herve - Ciep-verviers","isPartOf":{"@id":"https://mocliege.be/ciep-verviers/#website"},"datePublished":"2019-12-18T09:52:33+00:00","dateModified":"2019-12-18T13:41:33+00:00","breadcrumb":{"@id":"https://mocliege.be/ciep-verviers/pec-events/spectacle-maison-renard-herve/#breadcrumb"},"inLanguage":"fr-FR","potentialAction":[{"@type":"ReadAction","target":["https://mocliege.be/ciep-verviers/pec-events/spectacle-maison-renard-herve/"]}]},{"@type":"BreadcrumbList","@id":"https://mocliege.be/ciep-verviers/pec-events/spectacle-maison-renard-herve/#breadcrumb","itemListElement":[{"@type":"ListItem","position":1,"name":"Accueil","item":"https://mocliege.be/ciep-verviers/"},{"@type":"ListItem","position":2,"name":"Pro Event Calendar","item":"https://mocliege.be/ciep-verviers/pec-events/"},{"@type":"ListItem","position":3,"name":"Spectacle Maison Renard- Herve"}]},{"@type":"WebSite","@id":"https://mocliege.be/ciep-verviers/#website","url":"https://mocliege.be/ciep-verviers/","name":"Ciep-verviers","description":"Un site utilisant Sites du MOC - Liège","potentialAction":[{"@type":"SearchAction","target":{"@type":"EntryPoint","urlTemplate":"https://mocliege.be/ciep-verviers/?s={search_term_string}"},"query-input":"required name=search_term_string"}],"inLanguage":"fr-FR"}]}</script>
<!-- / Yoast SEO plugin. -->

Le Forum Social du pays de Herve, en partenariat avec La scène du bocage, a [&hellip;]

Un site utilisant Sites du MOC - Liège
