{"id":660,"date":"2020-01-29T12:24:39","date_gmt":"2020-01-29T11:24:39","guid":{"rendered":"https:\/\/mocliege.be\/ciep-verviers\/?post_type=pec-events&#038;p=660"},"modified":"2020-01-30T16:02:02","modified_gmt":"2020-01-30T15:02:02","slug":"verviers-20-03-18h30-conference-gesticulee-lalibi-du-colibri-anne-lejeune","status":"publish","type":"pec-events","link":"https:\/\/mocliege.be\/ciep-verviers\/pec-events\/verviers-20-03-18h30-conference-gesticulee-lalibi-du-colibri-anne-lejeune\/","title":{"rendered":"Verviers | 20.03 &#8211; 18h30 | Conf\u00e9rence-gesticul\u00e9e \u00ab\u00a0L&rsquo;alibi du colibri\u00a0\u00bb (Anne Lejeune)"},"content":{"rendered":"<p>Venez-d\u00e9couvrir gratuitement la conf\u00e9rence-gesticul\u00e9e \u00ab\u00a0<strong>L&rsquo;alibi du colibri<\/strong>\u00a0\u00bb (par Anne Lejeune) le vendredi 20 mars 2020 (\u00e0 18h30) au CIEP Verviers (Rue du Palais 25, 4800 Verviers).<\/p>\n<p><strong>R\u00e9servation souhait\u00e9e<\/strong> : leysten@mocliege.org (0484.309912)<\/p>\n<p>Une conf\u00e9rence gesticul\u00e9e, c&rsquo;est quoi ? A l\u2019intersection entre le th\u00e9\u00e2tre et la conf\u00e9rence acad\u00e9mique, la conf\u00e9rence-gesticul\u00e9e a pour propri\u00e9t\u00e9 essentielle de m\u00ealer le v\u00e9cu des conf\u00e9renciers ou conf\u00e9renci\u00e8res (le \u00ab savoir chaud \u00bb) et les \u00e9l\u00e9ments de th\u00e9orie (le \u00ab savoir froid \u00bb). La d\u00e9marche vise \u00e0 donner des cl\u00e9s de compr\u00e9hension de la soci\u00e9t\u00e9 et \u00e0 d\u00e9velopper l\u2019esprit critique.<\/p>\n<p><a href=\"https:\/\/mocliege.be\/ciep-verviers\/wp-content\/uploads\/sites\/6\/2020\/01\/Lalibi-du-colibri-Anne-Lejeune.pdf\">L&rsquo;alibi du colibri &#8211; Anne Lejeune<\/a><\/p>\n","protected":false},"author":17,"featured_media":661,"comment_status":"open","ping_status":"closed","template":"","tags":[],"pec_events_category":[],"acf":[],"yoast_head":"<!-- This site is optimized with the Yoast SEO plugin v19.14 - https:\/\/yoast.com\/wordpress\/plugins\/seo\/ -->\n<title>Verviers | 20.03 - 18h30 | Conf\u00e9rence-gesticul\u00e9e &quot;L&#039;alibi du colibri&quot; (Anne Lejeune) - Ciep-verviers<\/title>\n<meta name=\"robots\" content=\"index, follow, max-snippet:-1, max-image-preview:large, max-video-preview:-1\" \/>\n<link rel=\"canonical\" href=\"https:\/\/mocliege.be\/ciep-verviers\/pec-events\/verviers-20-03-18h30-conference-gesticulee-lalibi-du-colibri-anne-lejeune\/\" \/>\n<meta property=\"og:locale\" content=\"fr_FR\" \/>\n<meta property=\"og:type\" content=\"article\" \/>\n<meta property=\"og:title\" content=\"Verviers | 20.03 - 18h30 | Conf\u00e9rence-gesticul\u00e9e &quot;L&#039;alibi du colibri&quot; (Anne Lejeune) - Ciep-verviers\" \/>\n<meta property=\"og:description\" content=\"Venez-d\u00e9couvrir gratuitement la conf\u00e9rence-gesticul\u00e9e \u00ab\u00a0L&rsquo;alibi du colibri\u00a0\u00bb (par Anne Lejeune) le vendredi 20 mars 2020 [&hellip;]\" \/>\n<meta property=\"og:url\" content=\"https:\/\/mocliege.be\/ciep-verviers\/pec-events\/verviers-20-03-18h30-conference-gesticulee-lalibi-du-colibri-anne-lejeune\/\" \/>\n<meta property=\"og:site_name\" content=\"Ciep-verviers\" \/>\n<meta property=\"article:modified_time\" content=\"2020-01-30T15:02:02+00:00\" \/>\n<meta property=\"og:image\" content=\"https:\/\/mocliege.be\/ciep-verviers\/wp-content\/uploads\/sites\/6\/2020\/01\/Conf\u00e9rence-Anne-Lejeune-3.jpg\" \/>\n\t<meta property=\"og:image:width\" content=\"1587\" \/>\n\t<meta property=\"og:image:height\" content=\"2245\" \/>\n\t<meta property=\"og:image:type\" content=\"image\/jpeg\" \/>\n<meta name=\"twitter:card\" content=\"summary_large_image\" \/>\n<meta name=\"twitter:label1\" content=\"Dur\u00e9e de lecture estim\u00e9e\" \/>\n\t<meta name=\"twitter:data1\" content=\"1 minute\" \/>\n<script type=\"application\/ld+json\" class=\"yoast-schema-graph\">{\"@context\":\"https:\/\/schema.org\",\"@graph\":[{\"@type\":\"WebPage\",\"@id\":\"https:\/\/mocliege.be\/ciep-verviers\/pec-events\/verviers-20-03-18h30-conference-gesticulee-lalibi-du-colibri-anne-lejeune\/\",\"url\":\"https:\/\/mocliege.be\/ciep-verviers\/pec-events\/verviers-20-03-18h30-conference-gesticulee-lalibi-du-colibri-anne-lejeune\/\",\"name\":\"Verviers | 20.03 - 18h30 | Conf\u00e9rence-gesticul\u00e9e \\\"L'alibi du colibri\\\" (Anne Lejeune) - Ciep-verviers\",\"isPartOf\":{\"@id\":\"https:\/\/mocliege.be\/ciep-verviers\/#website\"},\"datePublished\":\"2020-01-29T11:24:39+00:00\",\"dateModified\":\"2020-01-30T15:02:02+00:00\",\"breadcrumb\":{\"@id\":\"https:\/\/mocliege.be\/ciep-verviers\/pec-events\/verviers-20-03-18h30-conference-gesticulee-lalibi-du-colibri-anne-lejeune\/#breadcrumb\"},\"inLanguage\":\"fr-FR\",\"potentialAction\":[{\"@type\":\"ReadAction\",\"target\":[\"https:\/\/mocliege.be\/ciep-verviers\/pec-events\/verviers-20-03-18h30-conference-gesticulee-lalibi-du-colibri-anne-lejeune\/\"]}]},{\"@type\":\"BreadcrumbList\",\"@id\":\"https:\/\/mocliege.be\/ciep-verviers\/pec-events\/verviers-20-03-18h30-conference-gesticulee-lalibi-du-colibri-anne-lejeune\/#breadcrumb\",\"itemListElement\":[{\"@type\":\"ListItem\",\"position\":1,\"name\":\"Accueil\",\"item\":\"https:\/\/mocliege.be\/ciep-verviers\/\"},{\"@type\":\"ListItem\",\"position\":2,\"name\":\"Pro Event Calendar\",\"item\":\"https:\/\/mocliege.be\/ciep-verviers\/pec-events\/\"},{\"@type\":\"ListItem\",\"position\":3,\"name\":\"Verviers | 20.03 &#8211; 18h30 | Conf\u00e9rence-gesticul\u00e9e \u00ab\u00a0L&rsquo;alibi du colibri\u00a0\u00bb (Anne Lejeune)\"}]},{\"@type\":\"WebSite\",\"@id\":\"https:\/\/mocliege.be\/ciep-verviers\/#website\",\"url\":\"https:\/\/mocliege.be\/ciep-verviers\/\",\"name\":\"Ciep-verviers\",\"description\":\"Un site utilisant Sites du MOC - Li\u00e8ge\",\"potentialAction\":[{\"@type\":\"SearchAction\",\"target\":{\"@type\":\"EntryPoint\",\"urlTemplate\":\"https:\/\/mocliege.be\/ciep-verviers\/?s={search_term_string}\"},\"query-input\":\"required name=search_term_string\"}],\"inLanguage\":\"fr-FR\"}]}<\/script>\n<!-- \/ Yoast SEO plugin. -->","yoast_head_json":{"title":"Verviers | 20.03 - 18h30 | Conf\u00e9rence-gesticul\u00e9e \"L'alibi du colibri\" (Anne Lejeune) - Ciep-verviers","robots":{"index":"index","follow":"follow","max-snippet":"max-snippet:-1","max-image-preview":"max-image-preview:large","max-video-preview":"max-video-preview:-1"},"canonical":"https:\/\/mocliege.be\/ciep-verviers\/pec-events\/verviers-20-03-18h30-conference-gesticulee-lalibi-du-colibri-anne-lejeune\/","og_locale":"fr_FR","og_type":"article","og_title":"Verviers | 20.03 - 18h30 | Conf\u00e9rence-gesticul\u00e9e \"L'alibi du colibri\" (Anne Lejeune) - Ciep-verviers","og_description":"Venez-d\u00e9couvrir gratuitement la conf\u00e9rence-gesticul\u00e9e \u00ab\u00a0L&rsquo;alibi du colibri\u00a0\u00bb (par Anne Lejeune) le vendredi 20 mars 2020 [&hellip;]","og_url":"https:\/\/mocliege.be\/ciep-verviers\/pec-events\/verviers-20-03-18h30-conference-gesticulee-lalibi-du-colibri-anne-lejeune\/","og_site_name":"Ciep-verviers","article_modified_time":"2020-01-30T15:02:02+00:00","og_image":[{"width":1587,"height":2245,"url":"https:\/\/mocliege.be\/ciep-verviers\/wp-content\/uploads\/sites\/6\/2020\/01\/Conf\u00e9rence-Anne-Lejeune-3.jpg","type":"image\/jpeg"}],"twitter_card":"summary_large_image","twitter_misc":{"Dur\u00e9e de lecture estim\u00e9e":"1 minute"},"schema":{"@context":"https:\/\/schema.org","@graph":[{"@type":"WebPage","@id":"https:\/\/mocliege.be\/ciep-verviers\/pec-events\/verviers-20-03-18h30-conference-gesticulee-lalibi-du-colibri-anne-lejeune\/","url":"https:\/\/mocliege.be\/ciep-verviers\/pec-events\/verviers-20-03-18h30-conference-gesticulee-lalibi-du-colibri-anne-lejeune\/","name":"Verviers | 20.03 - 18h30 | Conf\u00e9rence-gesticul\u00e9e \"L'alibi du colibri\" (Anne Lejeune) - Ciep-verviers","isPartOf":{"@id":"https:\/\/mocliege.be\/ciep-verviers\/#website"},"datePublished":"2020-01-29T11:24:39+00:00","dateModified":"2020-01-30T15:02:02+00:00","breadcrumb":{"@id":"https:\/\/mocliege.be\/ciep-verviers\/pec-events\/verviers-20-03-18h30-conference-gesticulee-lalibi-du-colibri-anne-lejeune\/#breadcrumb"},"inLanguage":"fr-FR","potentialAction":[{"@type":"ReadAction","target":["https:\/\/mocliege.be\/ciep-verviers\/pec-events\/verviers-20-03-18h30-conference-gesticulee-lalibi-du-colibri-anne-lejeune\/"]}]},{"@type":"BreadcrumbList","@id":"https:\/\/mocliege.be\/ciep-verviers\/pec-events\/verviers-20-03-18h30-conference-gesticulee-lalibi-du-colibri-anne-lejeune\/#breadcrumb","itemListElement":[{"@type":"ListItem","position":1,"name":"Accueil","item":"https:\/\/mocliege.be\/ciep-verviers\/"},{"@type":"ListItem","position":2,"name":"Pro Event Calendar","item":"https:\/\/mocliege.be\/ciep-verviers\/pec-events\/"},{"@type":"ListItem","position":3,"name":"Verviers | 20.03 &#8211; 18h30 | Conf\u00e9rence-gesticul\u00e9e \u00ab\u00a0L&rsquo;alibi du colibri\u00a0\u00bb (Anne Lejeune)"}]},{"@type":"WebSite","@id":"https:\/\/mocliege.be\/ciep-verviers\/#website","url":"https:\/\/mocliege.be\/ciep-verviers\/","name":"Ciep-verviers","description":"Un site utilisant Sites du MOC - Li\u00e8ge","potentialAction":[{"@type":"SearchAction","target":{"@type":"EntryPoint","urlTemplate":"https:\/\/mocliege.be\/ciep-verviers\/?s={search_term_string}"},"query-input":"required name=search_term_string"}],"inLanguage":"fr-FR"}]}},"pec_date":"2020-03-20 18:30:00","pec_venue_map_lnlat":"","pec_featured_image":"https:\/\/mocliege.be\/ciep-verviers\/wp-content\/uploads\/sites\/6\/2020\/01\/Conf\u00e9rence-Anne-Lejeune-3-724x1024.jpg","pec_id_calendar":"1","pec_featured_event":"","pec_all_day":"","pec_tbc":"","pec_daily_working_days":"","pec_daily_every":"1","pec_weekly_every":"1","pec_weekly_day":"","pec_monthly_every":"1","pec_monthly_position":"","pec_monthly_day":"","pec_exceptions":"","pec_extra_dates":"","pec_end_date":"","pec_link":"","pec_age_range":"","pec_map":"","pec_end_time_hh":"","pec_end_time_mm":"","pec_hide_time":"","pec_organizer":"","pec_phone":"","pec_recurring_frecuency":"0","pec_location":"","_links":{"self":[{"href":"https:\/\/mocliege.be\/ciep-verviers\/wp-json\/wp\/v2\/pec-events\/660"}],"collection":[{"href":"https:\/\/mocliege.be\/ciep-verviers\/wp-json\/wp\/v2\/pec-events"}],"about":[{"href":"https:\/\/mocliege.be\/ciep-verviers\/wp-json\/wp\/v2\/types\/pec-events"}],"author":[{"embeddable":true,"href":"https:\/\/mocliege.be\/ciep-verviers\/wp-json\/wp\/v2\/users\/17"}],"replies":[{"embeddable":true,"href":"https:\/\/mocliege.be\/ciep-verviers\/wp-json\/wp\/v2\/comments?post=660"}],"wp:featuredmedia":[{"embeddable":true,"href":"https:\/\/mocliege.be\/ciep-verviers\/wp-json\/wp\/v2\/media\/661"}],"wp:attachment":[{"href":"https:\/\/mocliege.be\/ciep-verviers\/wp-json\/wp\/v2\/media?parent=660"}],"wp:term":[{"taxonomy":"post_tag","embeddable":true,"href":"https:\/\/mocliege.be\/ciep-verviers\/wp-json\/wp\/v2\/tags?post=660"},{"taxonomy":"pec_events_category","embeddable":true,"href":"https:\/\/mocliege.be\/ciep-verviers\/wp-json\/wp\/v2\/pec_events_category?post=660"}],"curies":[{"name":"wp","href":"https:\/\/api.w.org\/{rel}","templated":true}]}}

Verviers | 20.03 &#8211; 18h30 | Conférence-gesticulée « L&rsquo;alibi du colibri » (Anne Lejeune)

<p>Venez-découvrir gratuitement la conférence-gesticulée « <strong>L&rsquo;alibi du colibri</strong> » (par Anne Lejeune) le vendredi 20 mars 2020 (à 18h30) au CIEP Verviers (Rue du Palais 25, 4800 Verviers).</p>
<p><strong>Réservation souhaitée</strong> : leysten@mocliege.org (0484.309912)</p>
<p>Une conférence gesticulée, c&rsquo;est quoi ? A l’intersection entre le théâtre et la conférence académique, la conférence-gesticulée a pour propriété essentielle de mêler le vécu des conférenciers ou conférencières (le « savoir chaud ») et les éléments de théorie (le « savoir froid »). La démarche vise à donner des clés de compréhension de la société et à développer l’esprit critique.</p>
<p><a href="https://mocliege.be/ciep-verviers/wp-content/uploads/sites/6/2020/01/Lalibi-du-colibri-Anne-Lejeune.pdf">L&rsquo;alibi du colibri &#8211; Anne Lejeune</a></p>

<!-- This site is optimized with the Yoast SEO plugin v19.14 - https://yoast.com/wordpress/plugins/seo/ -->
<title>Verviers | 20.03 - 18h30 | Conférence-gesticulée &quot;L&#039;alibi du colibri&quot; (Anne Lejeune) - Ciep-verviers</title>
<meta name="robots" content="index, follow, max-snippet:-1, max-image-preview:large, max-video-preview:-1" />
<link rel="canonical" href="https://mocliege.be/ciep-verviers/pec-events/verviers-20-03-18h30-conference-gesticulee-lalibi-du-colibri-anne-lejeune/" />
<meta property="og:locale" content="fr_FR" />
<meta property="og:type" content="article" />
<meta property="og:title" content="Verviers | 20.03 - 18h30 | Conférence-gesticulée &quot;L&#039;alibi du colibri&quot; (Anne Lejeune) - Ciep-verviers" />
<meta property="og:description" content="Venez-découvrir gratuitement la conférence-gesticulée « L&rsquo;alibi du colibri » (par Anne Lejeune) le vendredi 20 mars 2020 [&hellip;]" />
<meta property="og:url" content="https://mocliege.be/ciep-verviers/pec-events/verviers-20-03-18h30-conference-gesticulee-lalibi-du-colibri-anne-lejeune/" />
<meta property="og:site_name" content="Ciep-verviers" />
<meta property="article:modified_time" content="2020-01-30T15:02:02+00:00" />
<meta property="og:image" content="https://mocliege.be/ciep-verviers/wp-content/uploads/sites/6/2020/01/Conférence-Anne-Lejeune-3.jpg" />
	<meta property="og:image:width" content="1587" />
	<meta property="og:image:height" content="2245" />
	<meta property="og:image:type" content="image/jpeg" />
<meta name="twitter:card" content="summary_large_image" />
<meta name="twitter:label1" content="Durée de lecture estimée" />
	<meta name="twitter:data1" content="1 minute" />
<script type="application/ld+json" class="yoast-schema-graph">{"@context":"https://schema.org","@graph":[{"@type":"WebPage","@id":"https://mocliege.be/ciep-verviers/pec-events/verviers-20-03-18h30-conference-gesticulee-lalibi-du-colibri-anne-lejeune/","url":"https://mocliege.be/ciep-verviers/pec-events/verviers-20-03-18h30-conference-gesticulee-lalibi-du-colibri-anne-lejeune/","name":"Verviers | 20.03 - 18h30 | Conférence-gesticulée \"L'alibi du colibri\" (Anne Lejeune) - Ciep-verviers","isPartOf":{"@id":"https://mocliege.be/ciep-verviers/#website"},"datePublished":"2020-01-29T11:24:39+00:00","dateModified":"2020-01-30T15:02:02+00:00","breadcrumb":{"@id":"https://mocliege.be/ciep-verviers/pec-events/verviers-20-03-18h30-conference-gesticulee-lalibi-du-colibri-anne-lejeune/#breadcrumb"},"inLanguage":"fr-FR","potentialAction":[{"@type":"ReadAction","target":["https://mocliege.be/ciep-verviers/pec-events/verviers-20-03-18h30-conference-gesticulee-lalibi-du-colibri-anne-lejeune/"]}]},{"@type":"BreadcrumbList","@id":"https://mocliege.be/ciep-verviers/pec-events/verviers-20-03-18h30-conference-gesticulee-lalibi-du-colibri-anne-lejeune/#breadcrumb","itemListElement":[{"@type":"ListItem","position":1,"name":"Accueil","item":"https://mocliege.be/ciep-verviers/"},{"@type":"ListItem","position":2,"name":"Pro Event Calendar","item":"https://mocliege.be/ciep-verviers/pec-events/"},{"@type":"ListItem","position":3,"name":"Verviers | 20.03 &#8211; 18h30 | Conférence-gesticulée « L&rsquo;alibi du colibri » (Anne Lejeune)"}]},{"@type":"WebSite","@id":"https://mocliege.be/ciep-verviers/#website","url":"https://mocliege.be/ciep-verviers/","name":"Ciep-verviers","description":"Un site utilisant Sites du MOC - Liège","potentialAction":[{"@type":"SearchAction","target":{"@type":"EntryPoint","urlTemplate":"https://mocliege.be/ciep-verviers/?s={search_term_string}"},"query-input":"required name=search_term_string"}],"inLanguage":"fr-FR"}]}</script>
<!-- / Yoast SEO plugin. -->

Verviers | 20.03 - 18h30 | Conférence-gesticulée "L'alibi du colibri" (Anne Lejeune) - Ciep-verviers

Venez-découvrir gratuitement la conférence-gesticulée « L&rsquo;alibi du colibri » (par Anne Lejeune) le vendredi 20 mars 2020 [&hellip;]

https://mocliege.be/ciep-verviers/wp-content/uploads/sites/6/2020/01/Conférence-Anne-Lejeune-3.jpg

Un site utilisant Sites du MOC - Liège

https://mocliege.be/ciep-verviers/wp-content/uploads/sites/6/2020/01/Conférence-Anne-Lejeune-3-724x1024.jpg
