{"id":5,"date":"2018-10-17T09:55:03","date_gmt":"2018-10-17T07:55:03","guid":{"rendered":"https:\/\/dev.petithanb.be\/moc\/graines\/?page_id=5"},"modified":"2021-01-25T19:02:06","modified_gmt":"2021-01-25T18:02:06","slug":"accueil","status":"publish","type":"page","link":"https:\/\/mocliege.be\/graines\/","title":{"rendered":"Accueil"},"content":{"rendered":"<p><img loading=\"lazy\" decoding=\"async\" class=\"size-large wp-image-109 aligncenter\" src=\"https:\/\/mocliege.be\/graines\/wp-content\/uploads\/sites\/4\/2018\/10\/Image-de-pre\u0301sentation-Graines-de-Ge\u0301nie-e1548258143944-1024x514.jpg\" alt=\"\" width=\"1024\" height=\"514\" srcset=\"https:\/\/mocliege.be\/graines\/wp-content\/uploads\/sites\/4\/2018\/10\/Image-de-pre\u0301sentation-Graines-de-Ge\u0301nie-e1548258143944-1024x514.jpg 1024w, https:\/\/mocliege.be\/graines\/wp-content\/uploads\/sites\/4\/2018\/10\/Image-de-pre\u0301sentation-Graines-de-Ge\u0301nie-e1548258143944-300x151.jpg 300w, https:\/\/mocliege.be\/graines\/wp-content\/uploads\/sites\/4\/2018\/10\/Image-de-pre\u0301sentation-Graines-de-Ge\u0301nie-e1548258143944-768x386.jpg 768w, https:\/\/mocliege.be\/graines\/wp-content\/uploads\/sites\/4\/2018\/10\/Image-de-pre\u0301sentation-Graines-de-Ge\u0301nie-e1548258143944-64x32.jpg 64w, https:\/\/mocliege.be\/graines\/wp-content\/uploads\/sites\/4\/2018\/10\/Image-de-pre\u0301sentation-Graines-de-Ge\u0301nie-e1548258143944-250x126.jpg 250w, https:\/\/mocliege.be\/graines\/wp-content\/uploads\/sites\/4\/2018\/10\/Image-de-pre\u0301sentation-Graines-de-Ge\u0301nie-e1548258143944-120x60.jpg 120w, https:\/\/mocliege.be\/graines\/wp-content\/uploads\/sites\/4\/2018\/10\/Image-de-pre\u0301sentation-Graines-de-Ge\u0301nie-e1548258143944-150x75.jpg 150w, https:\/\/mocliege.be\/graines\/wp-content\/uploads\/sites\/4\/2018\/10\/Image-de-pre\u0301sentation-Graines-de-Ge\u0301nie-e1548258143944-450x226.jpg 450w, https:\/\/mocliege.be\/graines\/wp-content\/uploads\/sites\/4\/2018\/10\/Image-de-pre\u0301sentation-Graines-de-Ge\u0301nie-e1548258143944-600x301.jpg 600w, https:\/\/mocliege.be\/graines\/wp-content\/uploads\/sites\/4\/2018\/10\/Image-de-pre\u0301sentation-Graines-de-Ge\u0301nie-e1548258143944-1200x603.jpg 1200w, https:\/\/mocliege.be\/graines\/wp-content\/uploads\/sites\/4\/2018\/10\/Image-de-pre\u0301sentation-Graines-de-Ge\u0301nie-e1548258143944.jpg 1880w\" sizes=\"(max-width: 1024px) 100vw, 1024px\" \/><\/p>\n<h1>Qui sommes-nous ?<\/h1>\n<p>Graines de g\u00e9nie est une \u00e9cole de devoirs qui accueille les enfants de 5 \u00e0 13 ans.<\/p>\n<p>Une \u00e9cole de devoirs, c\u2019est une aide aux devoirs. Mais c\u2019est surtout un lieu de vie o\u00f9 chaque enfant peut grandir, s\u2019\u00e9panouir et communiquer avec les autres gr\u00e2ce \u00e0 des activit\u00e9s ludiques, sportives, culturelles et cr\u00e9atives.<\/p>\n<h2><strong>Nos objectifs\u00a0et nos missions:<\/strong><\/h2>\n<p><strong>Favoriser le d\u00e9veloppement intellectuel de l\u2019enfant<\/strong><\/p>\n<ul>\n<li>Proposer un lieu d\u2019accueil qui offre aux enfants la facilit\u00e9 et les outils n\u00e9cessaires \u00e0 leur d\u00e9veloppement.<\/li>\n<li>Accompagner les enfants dans leur scolarit\u00e9.<\/li>\n<\/ul>\n<p><strong>Favoriser la cr\u00e9ativit\u00e9 ainsi que son acc\u00e8s et son initiation aux cultures dans leurs diff\u00e9rentes dimensions<\/strong><\/p>\n<ul>\n<li>Proposer aux enfants des activit\u00e9s de qualit\u00e9 et diversifi\u00e9es<\/li>\n<li>Permettre \u00e0 chaque enfant de participer \u00e0 chaque activit\u00e9<\/li>\n<\/ul>\n<p><strong>Favoriser le d\u00e9veloppement et l\u2019\u00e9mancipation sociale de l\u2019enfant<\/strong><\/p>\n<p><strong>Favoriser l\u2019autonomie des enfants et de leur famille en valorisant leur potentiel.<\/strong><\/p>\n<p><strong>Favoriser l\u2019\u00e9veil critique<\/strong><\/p>\n<p><strong>Favoriser les diff\u00e9rentes d\u00e9marches de chacun pour \u00e9voluer.<\/strong><\/p>\n<ul>\n<li>Offrir aux parents un soutien, une \u00e9coute.<\/li>\n<li>Instaurer une dynamique de solidarit\u00e9 et de communication entre les enfants, les parents, les \u00e9coles ainsi que les acteurs locaux.<\/li>\n<li>Garantir aux enfants un encadrement de qualit\u00e9 et adapt\u00e9 \u00e0 leurs besoins.<\/li>\n<\/ul>\n<p><strong>Favoriser l\u2019apprentissage de la citoyennet\u00e9 et de la participation<\/strong><\/p>\n<ul>\n<li>Offrir aux enfants un cadre de tol\u00e9rance, de respect, de n\u00e9gociation et d\u2019ouverture.<\/li>\n<\/ul>\n<p><strong>Favoriser le d\u00e9veloppement personnel, intellectuel, culturel et social de chacun.<\/strong><\/p>\n<p><strong><em>Nos horaires\u00a0:<\/em><\/strong><\/p>\n<ul>\n<li>Lundi, mardi et jeudi de 15h15 \u00e0 18H<\/li>\n<li>Mercredi de 12h \u00e0 17H<\/li>\n<\/ul>\n<p><strong><em>Documents<\/em><\/strong><\/p>\n<ul>\n<li><a href=\"https:\/\/mocliege.be\/graines\/\">Notre projet p\u00e9dagogique<\/a><\/li>\n<li><a href=\"https:\/\/mocliege.be\/graines\/\">Notre ROI <\/a><\/li>\n<li><a href=\"https:\/\/mocliege.be\/graines\/\">La philosophie des \u00e9coles de devoirs avec le lien vers le site de la f\u00e9d\u00e9ration<\/a><\/li>\n<\/ul>\n","protected":false},"excerpt":{"rendered":"<p>Qui sommes-nous ? Graines de g\u00e9nie est une \u00e9cole de devoirs qui accueille les enfants [&hellip;]<\/p>\n","protected":false},"author":1,"featured_media":0,"parent":0,"menu_order":0,"comment_status":"closed","ping_status":"closed","template":"template-accueil.php","meta":{"_monsterinsights_skip_tracking":false,"_monsterinsights_sitenote_active":false,"_monsterinsights_sitenote_note":"","_monsterinsights_sitenote_category":0,"footnotes":""},"acf":[],"yoast_head":"<!-- This site is optimized with the Yoast SEO plugin v19.14 - https:\/\/yoast.com\/wordpress\/plugins\/seo\/ -->\n<title>Accueil - Graines de g\u00e9nie<\/title>\n<meta name=\"robots\" content=\"index, follow, max-snippet:-1, max-image-preview:large, max-video-preview:-1\" \/>\n<link rel=\"canonical\" href=\"https:\/\/mocliege.be\/graines\/\" \/>\n<meta property=\"og:locale\" content=\"fr_FR\" \/>\n<meta property=\"og:type\" content=\"article\" \/>\n<meta property=\"og:title\" content=\"Accueil - Graines de g\u00e9nie\" \/>\n<meta property=\"og:description\" content=\"Qui sommes-nous ? Graines de g\u00e9nie est une \u00e9cole de devoirs qui accueille les enfants [&hellip;]\" \/>\n<meta property=\"og:url\" content=\"https:\/\/mocliege.be\/graines\/\" \/>\n<meta property=\"og:site_name\" content=\"Graines de g\u00e9nie\" \/>\n<meta property=\"article:modified_time\" content=\"2021-01-25T18:02:06+00:00\" \/>\n<meta name=\"twitter:card\" content=\"summary_large_image\" \/>\n<meta name=\"twitter:label1\" content=\"Dur\u00e9e de lecture estim\u00e9e\" \/>\n\t<meta name=\"twitter:data1\" content=\"1 minute\" \/>\n<script type=\"application\/ld+json\" class=\"yoast-schema-graph\">{\"@context\":\"https:\/\/schema.org\",\"@graph\":[{\"@type\":\"WebPage\",\"@id\":\"https:\/\/mocliege.be\/graines\/\",\"url\":\"https:\/\/mocliege.be\/graines\/\",\"name\":\"Accueil - Graines de g\u00e9nie\",\"isPartOf\":{\"@id\":\"https:\/\/mocliege.be\/graines\/#website\"},\"datePublished\":\"2018-10-17T07:55:03+00:00\",\"dateModified\":\"2021-01-25T18:02:06+00:00\",\"breadcrumb\":{\"@id\":\"https:\/\/mocliege.be\/graines\/#breadcrumb\"},\"inLanguage\":\"fr-FR\",\"potentialAction\":[{\"@type\":\"ReadAction\",\"target\":[\"https:\/\/mocliege.be\/graines\/\"]}]},{\"@type\":\"BreadcrumbList\",\"@id\":\"https:\/\/mocliege.be\/graines\/#breadcrumb\",\"itemListElement\":[{\"@type\":\"ListItem\",\"position\":1,\"name\":\"Accueil\",\"item\":\"https:\/\/mocliege.be\/graines\/\"},{\"@type\":\"ListItem\",\"position\":2,\"name\":\"Accueil\"}]},{\"@type\":\"WebSite\",\"@id\":\"https:\/\/mocliege.be\/graines\/#website\",\"url\":\"https:\/\/mocliege.be\/graines\/\",\"name\":\"Graines de g\u00e9nie\",\"description\":\"Un site utilisant Sites du MOC - Li\u00e8ge\",\"potentialAction\":[{\"@type\":\"SearchAction\",\"target\":{\"@type\":\"EntryPoint\",\"urlTemplate\":\"https:\/\/mocliege.be\/graines\/?s={search_term_string}\"},\"query-input\":\"required name=search_term_string\"}],\"inLanguage\":\"fr-FR\"}]}<\/script>\n<!-- \/ Yoast SEO plugin. -->","yoast_head_json":{"title":"Accueil - Graines de g\u00e9nie","robots":{"index":"index","follow":"follow","max-snippet":"max-snippet:-1","max-image-preview":"max-image-preview:large","max-video-preview":"max-video-preview:-1"},"canonical":"https:\/\/mocliege.be\/graines\/","og_locale":"fr_FR","og_type":"article","og_title":"Accueil - Graines de g\u00e9nie","og_description":"Qui sommes-nous ? Graines de g\u00e9nie est une \u00e9cole de devoirs qui accueille les enfants [&hellip;]","og_url":"https:\/\/mocliege.be\/graines\/","og_site_name":"Graines de g\u00e9nie","article_modified_time":"2021-01-25T18:02:06+00:00","twitter_card":"summary_large_image","twitter_misc":{"Dur\u00e9e de lecture estim\u00e9e":"1 minute"},"schema":{"@context":"https:\/\/schema.org","@graph":[{"@type":"WebPage","@id":"https:\/\/mocliege.be\/graines\/","url":"https:\/\/mocliege.be\/graines\/","name":"Accueil - Graines de g\u00e9nie","isPartOf":{"@id":"https:\/\/mocliege.be\/graines\/#website"},"datePublished":"2018-10-17T07:55:03+00:00","dateModified":"2021-01-25T18:02:06+00:00","breadcrumb":{"@id":"https:\/\/mocliege.be\/graines\/#breadcrumb"},"inLanguage":"fr-FR","potentialAction":[{"@type":"ReadAction","target":["https:\/\/mocliege.be\/graines\/"]}]},{"@type":"BreadcrumbList","@id":"https:\/\/mocliege.be\/graines\/#breadcrumb","itemListElement":[{"@type":"ListItem","position":1,"name":"Accueil","item":"https:\/\/mocliege.be\/graines\/"},{"@type":"ListItem","position":2,"name":"Accueil"}]},{"@type":"WebSite","@id":"https:\/\/mocliege.be\/graines\/#website","url":"https:\/\/mocliege.be\/graines\/","name":"Graines de g\u00e9nie","description":"Un site utilisant Sites du MOC - Li\u00e8ge","potentialAction":[{"@type":"SearchAction","target":{"@type":"EntryPoint","urlTemplate":"https:\/\/mocliege.be\/graines\/?s={search_term_string}"},"query-input":"required name=search_term_string"}],"inLanguage":"fr-FR"}]}},"_links":{"self":[{"href":"https:\/\/mocliege.be\/graines\/wp-json\/wp\/v2\/pages\/5"}],"collection":[{"href":"https:\/\/mocliege.be\/graines\/wp-json\/wp\/v2\/pages"}],"about":[{"href":"https:\/\/mocliege.be\/graines\/wp-json\/wp\/v2\/types\/page"}],"author":[{"embeddable":true,"href":"https:\/\/mocliege.be\/graines\/wp-json\/wp\/v2\/users\/1"}],"replies":[{"embeddable":true,"href":"https:\/\/mocliege.be\/graines\/wp-json\/wp\/v2\/comments?post=5"}],"version-history":[{"count":33,"href":"https:\/\/mocliege.be\/graines\/wp-json\/wp\/v2\/pages\/5\/revisions"}],"predecessor-version":[{"id":303,"href":"https:\/\/mocliege.be\/graines\/wp-json\/wp\/v2\/pages\/5\/revisions\/303"}],"wp:attachment":[{"href":"https:\/\/mocliege.be\/graines\/wp-json\/wp\/v2\/media?parent=5"}],"curies":[{"name":"wp","href":"https:\/\/api.w.org\/{rel}","templated":true}]}}